Last updated on 2024-04-17 23:00:02 CEST.
Flavor | Version | Tinstall | Tcheck | Ttotal | Status | Flags |
---|---|---|---|---|---|---|
r-devel-linux-x86_64-debian-clang | 0.1.3 | 1.89 | 41.14 | 43.03 | NOTE | |
r-devel-linux-x86_64-debian-gcc | 0.1.3 | 2.04 | 31.23 | 33.27 | NOTE | |
r-devel-linux-x86_64-fedora-clang | 0.1.3 | 57.70 | NOTE | |||
r-devel-linux-x86_64-fedora-gcc | 0.1.3 | 65.73 | NOTE | |||
r-prerel-macos-arm64 | 0.1.3 | 25.00 | NOTE | |||
r-prerel-windows-x86_64 | 0.1.3 | 3.00 | 56.00 | 59.00 | NOTE | |
r-patched-linux-x86_64 | 0.1.3 | 2.53 | 39.54 | 42.07 | NOTE | |
r-release-linux-x86_64 | 0.1.3 | 2.59 | 37.57 | 40.16 | NOTE | |
r-release-macos-arm64 | 0.1.3 | 28.00 | NOTE | |||
r-release-macos-x86_64 | 0.1.3 | 40.00 | NOTE | |||
r-release-windows-x86_64 | 0.1.3 | 4.00 | 56.00 | 60.00 | NOTE | |
r-oldrel-macos-arm64 | 0.1.3 | 24.00 | NOTE | |||
r-oldrel-windows-x86_64 | 0.1.3 | 4.00 | 61.00 | 65.00 | NOTE |
Version: 0.1.3
Check: LazyData
Result: NOTE
'LazyData' is specified without a 'data' directory
Flavors: r-devel-linux-x86_64-debian-clang, r-devel-linux-x86_64-debian-gcc, r-devel-linux-x86_64-fedora-clang, r-devel-linux-x86_64-fedora-gcc, r-prerel-macos-arm64, r-prerel-windows-x86_64, r-patched-linux-x86_64, r-release-linux-x86_64, r-release-macos-arm64, r-release-macos-x86_64, r-release-windows-x86_64, r-oldrel-macos-arm64, r-oldrel-windows-x86_64