CRAN Package Check Results for Package phillydaodata

Last updated on 2021-04-12 22:51:10 CEST.

Flavor Version Tinstall Tcheck Ttotal Status Flags
r-devel-linux-x86_64-debian-clang 1.0.1 2.57 50.70 53.27 NOTE
r-devel-linux-x86_64-debian-gcc 1.0.1 1.82 35.70 37.52 NOTE
r-devel-linux-x86_64-fedora-clang 1.0.1 71.46 NOTE
r-devel-linux-x86_64-fedora-gcc 1.0.1 59.26 NOTE
r-devel-windows-ix86+x86_64 1.0.1 6.00 99.00 105.00 NOTE
r-devel-windows-x86_64-gcc10-UCRT 1.0.1 NOTE
r-patched-linux-x86_64 1.0.1 2.42 44.73 47.15 OK
r-patched-solaris-x86 1.0.1 118.40 OK
r-release-linux-x86_64 1.0.1 2.40 44.35 46.75 OK
r-release-macos-x86_64 1.0.1 OK
r-release-windows-ix86+x86_64 1.0.1 17.00 96.00 113.00 OK
r-oldrel-macos-x86_64 1.0.1 OK
r-oldrel-windows-ix86+x86_64 1.0.1 3.00 83.00 86.00 OK

Check Details

Version: 1.0.1
Check: LazyData
Result: NOTE
     'LazyData' is specified without a 'data' directory
Flavors: r-devel-linux-x86_64-debian-clang, r-devel-linux-x86_64-debian-gcc, r-devel-linux-x86_64-fedora-clang, r-devel-linux-x86_64-fedora-gcc, r-devel-windows-ix86+x86_64, r-devel-windows-x86_64-gcc10-UCRT