Last updated on 2024-03-28 23:01:53 CET.
Flavor | Version | Tinstall | Tcheck | Ttotal | Status | Flags |
---|---|---|---|---|---|---|
r-devel-linux-x86_64-debian-clang | 1.0-7 | 4.48 | 36.07 | 40.55 | OK | |
r-devel-linux-x86_64-debian-gcc | 1.0-7 | 3.11 | 27.11 | 30.22 | OK | |
r-devel-linux-x86_64-fedora-clang | 1.0-7 | 49.14 | NOTE | |||
r-devel-linux-x86_64-fedora-gcc | 1.0-7 | 48.55 | OK | |||
r-devel-windows-x86_64 | 1.0-7 | 5.00 | 48.00 | 53.00 | OK | |
r-patched-linux-x86_64 | 1.0-7 | 4.40 | 34.30 | 38.70 | OK | |
r-release-linux-x86_64 | 1.0-7 | 2.67 | 35.44 | 38.11 | OK | |
r-release-macos-arm64 | 1.0-7 | 18.00 | OK | |||
r-release-macos-x86_64 | 1.0-7 | 32.00 | OK | |||
r-release-windows-x86_64 | 1.0-7 | 5.00 | 50.00 | 55.00 | OK | |
r-oldrel-macos-arm64 | 1.0-7 | 19.00 | OK | |||
r-oldrel-windows-x86_64 | 1.0-7 | 5.00 | 55.00 | 60.00 | OK |
Version: 1.0-7
Check: Rd cross-references
Result: NOTE
Undeclared package ‘vowels’ in Rd xrefs
Flavor: r-devel-linux-x86_64-fedora-clang