Last updated on 2024-03-28 23:01:53 CET.
Flavor | Version | Tinstall | Tcheck | Ttotal | Status | Flags |
---|---|---|---|---|---|---|
r-devel-linux-x86_64-debian-clang | 3.7.6 | 411.71 | 41.54 | 453.25 | OK | |
r-devel-linux-x86_64-debian-gcc | 3.7.6 | 388.38 | 31.62 | 420.00 | OK | |
r-devel-linux-x86_64-fedora-clang | 3.7.6 | 788.69 | OK | |||
r-devel-linux-x86_64-fedora-gcc | 3.7.6 | 781.80 | OK | |||
r-devel-windows-x86_64 | 3.7.6 | 490.00 | 91.00 | 581.00 | OK | |
r-patched-linux-x86_64 | 3.7.6 | 485.76 | 39.67 | 525.43 | OK | |
r-release-linux-x86_64 | 3.7.6 | 479.76 | 40.00 | 519.76 | OK | |
r-release-macos-arm64 | 3.7.6 | 172.00 | NOTE | |||
r-release-macos-x86_64 | 3.7.6 | 160.00 | NOTE | |||
r-release-windows-x86_64 | 3.7.6 | 444.00 | 119.00 | 563.00 | OK | |
r-oldrel-macos-arm64 | 3.7.6 | 158.00 | NOTE | |||
r-oldrel-windows-x86_64 | 3.7.6 | 424.00 | 109.00 | 533.00 | OK |
Version: 3.7.6
Check: installed package size
Result: NOTE
installed size is 45.7Mb
sub-directories of 1Mb or more:
libs 44.9Mb
Flavors: r-release-macos-arm64, r-release-macos-x86_64, r-oldrel-macos-arm64