Last updated on 2024-05-03 22:53:20 CEST.
Flavor | Version | Tinstall | Tcheck | Ttotal | Status | Flags |
---|---|---|---|---|---|---|
r-devel-linux-x86_64-debian-clang | 1.0.2 | 5.63 | 74.46 | 80.09 | OK | |
r-devel-linux-x86_64-fedora-clang | 1.0.2 | 98.45 | NOTE | |||
r-devel-linux-x86_64-fedora-gcc | 1.0.2 | 104.81 | NOTE | |||
r-devel-windows-x86_64 | 1.0.2 | 6.00 | 81.00 | 87.00 | OK | |
r-patched-linux-x86_64 | 1.0.2 | 5.02 | 70.18 | 75.20 | OK | |
r-release-linux-x86_64 | 1.0.2 | 3.31 | 71.15 | 74.46 | OK | |
r-release-macos-arm64 | 1.0.2 | 37.00 | OK | |||
r-release-windows-x86_64 | 1.0.2 | 6.00 | 80.00 | 86.00 | OK | |
r-oldrel-macos-arm64 | 1.0.2 | 41.00 | OK | |||
r-oldrel-macos-x86_64 | 1.0.2 | 69.00 | OK | |||
r-oldrel-windows-x86_64 | 1.0.2 | 7.00 | 84.00 | 91.00 | OK |
Version: 1.0.2
Check: data for non-ASCII characters
Result: NOTE
Note: found 4 marked UTF-8 strings
Flavors: r-devel-linux-x86_64-fedora-clang, r-devel-linux-x86_64-fedora-gcc