Last updated on 2024-03-28 23:01:53 CET.
Flavor | Version | Tinstall | Tcheck | Ttotal | Status | Flags |
---|---|---|---|---|---|---|
r-devel-linux-x86_64-debian-clang | 0.1.3 | 10.01 | 90.94 | 100.95 | NOTE | |
r-devel-linux-x86_64-debian-gcc | 0.1.3 | 7.33 | 68.42 | 75.75 | NOTE | |
r-devel-linux-x86_64-fedora-clang | 0.1.3 | 126.90 | NOTE | |||
r-devel-linux-x86_64-fedora-gcc | 0.1.3 | 135.91 | NOTE | |||
r-devel-windows-x86_64 | 0.1.3 | 9.00 | 82.00 | 91.00 | NOTE | |
r-patched-linux-x86_64 | 0.1.3 | 6.58 | 86.58 | 93.16 | NOTE | |
r-release-linux-x86_64 | 0.1.3 | 6.33 | 87.72 | 94.05 | NOTE | |
r-release-macos-arm64 | 0.1.3 | 47.00 | NOTE | |||
r-release-macos-x86_64 | 0.1.3 | 82.00 | NOTE | |||
r-release-windows-x86_64 | 0.1.3 | 12.00 | 95.00 | 107.00 | NOTE | |
r-oldrel-macos-arm64 | 0.1.3 | 36.00 | NOTE | |||
r-oldrel-windows-x86_64 | 0.1.3 | 14.00 | 99.00 | 113.00 | NOTE |
Version: 0.1.3
Check: LazyData
Result: NOTE
'LazyData' is specified without a 'data' directory
Flavors: r-devel-linux-x86_64-debian-clang, r-devel-linux-x86_64-debian-gcc, r-devel-linux-x86_64-fedora-clang, r-devel-linux-x86_64-fedora-gcc, r-devel-windows-x86_64, r-patched-linux-x86_64, r-release-linux-x86_64, r-release-macos-arm64, r-release-macos-x86_64, r-release-windows-x86_64, r-oldrel-macos-arm64, r-oldrel-windows-x86_64