CRAN Package Check Results for Package phylolm

Last updated on 2024-06-13 22:49:39 CEST.

Flavor Version Tinstall Tcheck Ttotal Status Flags
r-devel-linux-x86_64-debian-clang 2.6.2 10.31 74.29 84.60 NOTE
r-devel-linux-x86_64-debian-gcc 2.6.2 7.65 54.58 62.23 ERROR
r-devel-linux-x86_64-fedora-clang 2.6.2 102.15 NOTE
r-devel-linux-x86_64-fedora-gcc 2.6.2 95.65 NOTE
r-devel-windows-x86_64 2.6.2 11.00 76.00 87.00 NOTE
r-patched-linux-x86_64 2.6.2 8.86 70.42 79.28 NOTE
r-release-linux-x86_64 2.6.2 9.94 68.26 78.20 NOTE
r-release-macos-arm64 2.6.2 33.00 NOTE
r-release-macos-x86_64 2.6.2 80.00 NOTE
r-release-windows-x86_64 2.6.2 11.00 76.00 87.00 NOTE
r-oldrel-macos-arm64 2.6.2 35.00 NOTE
r-oldrel-macos-x86_64 2.6.2 54.00 NOTE
r-oldrel-windows-x86_64 2.6.2 14.00 89.00 103.00 NOTE

Check Details

Version: 2.6.2
Check: C++ specification
Result: NOTE Specified C++11: please drop specification unless essential Flavors: r-devel-linux-x86_64-debian-clang, r-devel-linux-x86_64-debian-gcc, r-devel-linux-x86_64-fedora-clang, r-devel-linux-x86_64-fedora-gcc, r-devel-windows-x86_64, r-patched-linux-x86_64, r-release-linux-x86_64, r-release-macos-arm64, r-release-macos-x86_64, r-release-windows-x86_64, r-oldrel-macos-arm64, r-oldrel-macos-x86_64, r-oldrel-windows-x86_64

Version: 2.6.2
Check: package dependencies
Result: NOTE Package suggested but not available for checking: ‘testthat’ Flavor: r-devel-linux-x86_64-debian-gcc

Version: 2.6.2
Check: tests
Result: ERROR Running ‘testthat.R’ [0s/1s] Running the tests in ‘tests/testthat.R’ failed. Complete output: > library(testthat) Error in library(testthat) : there is no package called 'testthat' Execution halted Flavor: r-devel-linux-x86_64-debian-gcc

Version: 2.6.2
Check: Rd cross-references
Result: NOTE Undeclared packages ‘future’, ‘geiger’, ‘caper’ in Rd xrefs Flavor: r-devel-linux-x86_64-fedora-clang