CRAN Package Check Results for Package pim

Last updated on 2024-06-13 22:49:39 CEST.

Flavor Version Tinstall Tcheck Ttotal Status Flags
r-devel-linux-x86_64-debian-clang 2.0.2 6.30 69.36 75.66 OK
r-devel-linux-x86_64-debian-gcc 2.0.2 5.18 51.91 57.09 ERROR
r-devel-linux-x86_64-fedora-clang 2.0.2 97.54 OK
r-devel-linux-x86_64-fedora-gcc 2.0.2 105.84 OK
r-devel-windows-x86_64 2.0.2 6.00 106.00 112.00 OK
r-patched-linux-x86_64 2.0.2 8.42 67.92 76.34 OK
r-release-linux-x86_64 2.0.2 5.41 66.33 71.74 OK
r-release-macos-arm64 2.0.2 39.00 OK
r-release-macos-x86_64 2.0.2 65.00 OK
r-release-windows-x86_64 2.0.2 7.00 108.00 115.00 OK
r-oldrel-macos-arm64 2.0.2 43.00 OK
r-oldrel-macos-x86_64 2.0.2 66.00 OK
r-oldrel-windows-x86_64 2.0.2 7.00 110.00 117.00 OK

Check Details

Version: 2.0.2
Check: package dependencies
Result: NOTE Package suggested but not available for checking: ‘testthat’ Flavor: r-devel-linux-x86_64-debian-gcc

Version: 2.0.2
Check: tests
Result: ERROR Running ‘testthat.R’ [0s/0s] Running the tests in ‘tests/testthat.R’ failed. Complete output: > library(testthat) Error in library(testthat) : there is no package called 'testthat' Execution halted Flavor: r-devel-linux-x86_64-debian-gcc