Last updated on 2024-03-28 23:01:53 CET.
Flavor | Version | Tinstall | Tcheck | Ttotal | Status | Flags |
---|---|---|---|---|---|---|
r-devel-linux-x86_64-debian-clang | 1.5.5 | 34.66 | 159.49 | 194.15 | NOTE | |
r-devel-linux-x86_64-debian-gcc | 1.5.5 | 35.07 | 116.98 | 152.05 | NOTE | |
r-devel-linux-x86_64-fedora-clang | 1.5.5 | 249.72 | NOTE | |||
r-devel-linux-x86_64-fedora-gcc | 1.5.5 | 252.12 | NOTE | |||
r-devel-windows-x86_64 | 1.5.5 | 34.00 | 145.00 | 179.00 | NOTE | |
r-patched-linux-x86_64 | 1.5.5 | 47.43 | 152.04 | 199.47 | NOTE | |
r-release-linux-x86_64 | 1.5.5 | 26.84 | 154.09 | 180.93 | OK | |
r-release-macos-arm64 | 1.5.5 | 74.00 | NOTE | |||
r-release-macos-x86_64 | 1.5.5 | 177.00 | NOTE | |||
r-release-windows-x86_64 | 1.5.5 | 48.00 | 179.00 | 227.00 | OK | |
r-oldrel-macos-arm64 | 1.5.5 | 69.00 | NOTE | |||
r-oldrel-windows-x86_64 | 1.5.5 | 47.00 | 153.00 | 200.00 | OK |
Version: 1.5.5
Check: Rd files
Result: NOTE
checkRd: (-1) PivotDataGroup.Rd:78: Lost braces; missing escapes or markup?
78 | for the data group caption, default "{values}".}
| ^
checkRd: (-1) PivotDataGroup.Rd:244: Lost braces; missing escapes or markup?
244 | for the data group caption, default "{values}".}
| ^
checkRd: (-1) PivotDataGroup.Rd:581: Lost braces; missing escapes or markup?
581 | for the data group caption, default "{values}".}
| ^
checkRd: (-1) PivotDataGroup.Rd:764: Lost braces; missing escapes or markup?
764 | default "{value}".}
| ^
checkRd: (-1) PivotStyle.Rd:150-151: Lost braces
150 | i.e. selector { property-name1: property-value1,
| ^
checkRd: (-1) PivotStyle.Rd:152: Lost braces; missing escapes or markup?
152 | e.g. div { font-weight: bold, color: #0000FF }
| ^
checkRd: (-1) PivotStyle.Rd:173-174: Lost braces
173 | i.e. .prefix-stylename { property-name1: property-value1,
| ^
checkRd: (-1) PivotStyle.Rd:175: Lost braces; missing escapes or markup?
175 | e.g. .pvt1Cell { font-weight: bold, color: #0000FF }
| ^
checkRd: (-1) PivotStyles.Rd:229-230: Lost braces
229 | i.e. selector { property-name1: property-value1,
| ^
checkRd: (-1) PivotStyles.Rd:231: Lost braces; missing escapes or markup?
231 | e.g. div { font-weight: bold, color: #0000FF }
| ^
checkRd: (-1) PivotStyles.Rd:254-255: Lost braces
254 | i.e. .prefix-stylename { property-name1: property-value1,
| ^
checkRd: (-1) PivotStyles.Rd:256: Lost braces; missing escapes or markup?
256 | e.g. .pvt1Cell { font-weight: bold, color: #0000FF }
| ^
checkRd: (-1) PivotTable.Rd:635: Lost braces; missing escapes or markup?
635 | for the data group caption, default "{values}".}
| ^
checkRd: (-1) PivotTable.Rd:756: Lost braces; missing escapes or markup?
756 | default "{value}".}
| ^
checkRd: (-1) PivotTable.Rd:1060: Lost braces; missing escapes or markup?
1060 | for the data group caption, default "{values}".}
| ^
checkRd: (-1) PivotTable.Rd:1189: Lost braces; missing escapes or markup?
1189 | default "{value}".}
| ^
checkRd: (-1) PivotTable.Rd:1808: Lost braces; missing escapes or markup?
1808 | `function(v, cell) { if(isTRUE(v>0.8)) return("green") }`.\cr
| ^
Flavors: r-devel-linux-x86_64-debian-clang, r-devel-linux-x86_64-debian-gcc, r-devel-linux-x86_64-fedora-clang, r-devel-linux-x86_64-fedora-gcc, r-devel-windows-x86_64, r-patched-linux-x86_64
Version: 1.5.5
Check: installed package size
Result: NOTE
installed size is 5.2Mb
sub-directories of 1Mb or more:
R 2.1Mb
data 2.0Mb
Flavors: r-release-macos-arm64, r-release-macos-x86_64, r-oldrel-macos-arm64