CRAN Package Check Results for Package pkgdown

Last updated on 2021-04-17 22:54:38 CEST.

Flavor Version Tinstall Tcheck Ttotal Status Flags
r-devel-linux-x86_64-debian-clang 1.6.1 6.90 82.21 89.11 OK
r-devel-linux-x86_64-debian-gcc 1.6.1 5.99 61.75 67.74 OK
r-devel-linux-x86_64-fedora-clang 1.6.1 111.80 NOTE
r-devel-linux-x86_64-fedora-gcc 1.6.1 104.12 OK
r-devel-windows-ix86+x86_64 1.6.1 14.00 96.00 110.00 OK
r-devel-windows-x86_64-gcc10-UCRT 1.6.1 ERROR
r-patched-linux-x86_64 1.6.1 6.07 77.12 83.19 OK
r-patched-solaris-x86 1.6.1 117.20 OK
r-release-linux-x86_64 1.6.1 5.96 77.77 83.73 OK
r-release-macos-x86_64 1.6.1 OK
r-release-windows-ix86+x86_64 1.6.1 33.00 121.00 154.00 OK
r-oldrel-macos-x86_64 1.6.1 OK
r-oldrel-windows-ix86+x86_64 1.6.1 8.00 118.00 126.00 OK

Check Details

Version: 1.6.1
Check: Rd cross-references
Result: NOTE
    Undeclared package ‘usethis’ in Rd xrefs
Flavor: r-devel-linux-x86_64-fedora-clang

Version: 1.6.1
Check: tests
Result: ERROR
     Running 'testthat.R'
    Running the tests in 'tests/testthat.R' failed.
    Last 13 lines of output:
     7. | | | \-base::force(code)
     8. | | \-base::withVisible(code)
     9. | \-rlang::eval_bare(quo_get_expr(.quo), quo_get_env(.quo))
     10. \-pkgdown::init_site(search)
     11. \-pkgdown:::build_docsearch_json(pkg)
     12. \-pkgdown:::write_if_different(pkg, json, json_path, check = FALSE)
     13. \-pkgdown:::path_abs(path, start = pkg$dst_path)
     14. +-fs::path_abs(path(start, path))
     15. | \-fs::path_norm(path(getwd(), start))
     16. \-fs::path(start, path)
     17. \-fs::path_tidy(...)
    
     [ FAIL 1 | WARN 0 | SKIP 20 | PASS 361 ]
     Error: Test failures
     Execution halted
Flavor: r-devel-windows-x86_64-gcc10-UCRT