CRAN Package Check Results for Package pkgfilecache

Last updated on 2024-04-12 22:55:44 CEST.

Flavor Version Tinstall Tcheck Ttotal Status Flags
r-devel-linux-x86_64-debian-clang 0.1.5 2.07 31.33 33.40 OK
r-devel-linux-x86_64-debian-gcc 0.1.5 1.83 24.06 25.89 OK
r-devel-linux-x86_64-fedora-clang 0.1.5 42.40 NOTE
r-devel-linux-x86_64-fedora-gcc 0.1.5 53.73 NOTE
r-devel-windows-x86_64 0.1.5 3.00 55.00 58.00 OK
r-patched-linux-x86_64 0.1.5 2.71 30.29 33.00 OK
r-release-linux-x86_64 0.1.5 2.37 28.86 31.23 OK
r-release-macos-arm64 0.1.5 28.00 OK
r-release-macos-x86_64 0.1.5 56.00 OK
r-release-windows-x86_64 0.1.5 3.00 51.00 54.00 OK
r-oldrel-macos-arm64 0.1.5 23.00 OK
r-oldrel-windows-x86_64 0.1.5 4.00 54.00 58.00 OK

Check Details

Version: 0.1.5
Check: dependencies in R code
Result: NOTE Namespace in Imports field not imported from: ‘curl’ All declared Imports should be used. Flavors: r-devel-linux-x86_64-fedora-clang, r-devel-linux-x86_64-fedora-gcc