Last updated on 2023-06-04 23:00:07 CEST.
Flavor | Version | Tinstall | Tcheck | Ttotal | Status | Flags |
---|---|---|---|---|---|---|
r-devel-linux-x86_64-debian-clang | 0.2.3 | 14.57 | 164.95 | 179.52 | NOTE | |
r-devel-linux-x86_64-debian-gcc | 0.2.3 | 10.71 | 126.09 | 136.80 | NOTE | |
r-devel-linux-x86_64-fedora-clang | 0.2.3 | 217.14 | NOTE | |||
r-devel-linux-x86_64-fedora-gcc | 0.2.3 | 225.04 | NOTE | |||
r-devel-windows-x86_64 | 0.2.3 | 13.00 | 137.00 | 150.00 | NOTE | |
r-patched-linux-x86_64 | 0.2.3 | 13.58 | 156.69 | 170.27 | NOTE | |
r-release-linux-x86_64 | 0.2.3 | 10.24 | 158.75 | 168.99 | NOTE | |
r-release-macos-arm64 | 0.2.3 | 71.00 | NOTE | |||
r-release-macos-x86_64 | 0.2.3 | 115.00 | NOTE | |||
r-release-windows-x86_64 | 0.2.3 | 18.00 | 176.00 | 194.00 | NOTE | |
r-oldrel-macos-arm64 | 0.2.3 | 65.00 | OK | |||
r-oldrel-macos-x86_64 | 0.2.3 | 125.00 | OK | |||
r-oldrel-windows-x86_64 | 0.2.3 | 18.00 | 170.00 | 188.00 | OK |
Version: 0.2.3
Check: package subdirectories
Result: NOTE
Problems with news in ‘NEWS.md’:
No news entries found.
Flavors: r-devel-linux-x86_64-debian-clang, r-devel-linux-x86_64-debian-gcc, r-devel-linux-x86_64-fedora-clang, r-devel-linux-x86_64-fedora-gcc, r-devel-windows-x86_64, r-patched-linux-x86_64, r-release-linux-x86_64, r-release-macos-arm64, r-release-macos-x86_64, r-release-windows-x86_64