Last updated on 2023-06-04 23:00:07 CEST.
Flavor | Version | Tinstall | Tcheck | Ttotal | Status | Flags |
---|---|---|---|---|---|---|
r-devel-linux-x86_64-debian-clang | 0.4.2 | 12.62 | 49.13 | 61.75 | OK | |
r-devel-linux-x86_64-debian-gcc | 0.4.2 | 10.45 | 37.20 | 47.65 | OK | |
r-devel-linux-x86_64-fedora-clang | 0.4.2 | 77.24 | NOTE | |||
r-devel-linux-x86_64-fedora-gcc | 0.4.2 | 73.09 | OK | |||
r-devel-windows-x86_64 | 0.4.2 | 13.00 | 60.00 | 73.00 | OK | |
r-patched-linux-x86_64 | 0.4.2 | 13.89 | 45.24 | 59.13 | OK | |
r-release-linux-x86_64 | 0.4.2 | 8.92 | 46.56 | 55.48 | OK | |
r-release-macos-arm64 | 0.4.2 | 25.00 | OK | |||
r-release-macos-x86_64 | 0.4.2 | 40.00 | OK | |||
r-release-windows-x86_64 | 0.4.2 | 17.00 | 65.00 | 82.00 | OK | |
r-oldrel-macos-arm64 | 0.4.2 | 27.00 | OK | |||
r-oldrel-macos-x86_64 | 0.4.2 | 38.00 | OK | |||
r-oldrel-windows-x86_64 | 0.4.2 | 14.00 | 68.00 | 82.00 | OK |
Version: 0.4.2
Check: Rd cross-references
Result: NOTE
Undeclared package ‘htmlwidgets’ in Rd xrefs
Flavor: r-devel-linux-x86_64-fedora-clang