Last updated on 2023-06-07 22:02:51 CEST.
Flavor | Version | Tinstall | Tcheck | Ttotal | Status | Flags |
---|---|---|---|---|---|---|
r-devel-linux-x86_64-debian-clang | 0.1.1 | 10.72 | 51.45 | 62.17 | NOTE | |
r-devel-linux-x86_64-debian-gcc | 0.1.1 | 10.31 | 38.78 | 49.09 | NOTE | |
r-devel-linux-x86_64-fedora-clang | 0.1.1 | 86.01 | NOTE | |||
r-devel-linux-x86_64-fedora-gcc | 0.1.1 | 90.38 | NOTE | |||
r-devel-windows-x86_64 | 0.1.1 | 20.00 | 78.00 | 98.00 | NOTE | |
r-patched-linux-x86_64 | 0.1.1 | 13.31 | 47.22 | 60.53 | NOTE | |
r-release-linux-x86_64 | 0.1.1 | 8.76 | 47.58 | 56.34 | NOTE | |
r-release-macos-arm64 | 0.1.1 | 40.00 | NOTE | |||
r-release-macos-x86_64 | 0.1.1 | 54.00 | NOTE | |||
r-release-windows-x86_64 | 0.1.1 | 23.00 | 89.00 | 112.00 | NOTE | |
r-oldrel-macos-arm64 | 0.1.1 | 31.00 | NOTE | |||
r-oldrel-macos-x86_64 | 0.1.1 | 44.00 | NOTE | |||
r-oldrel-windows-x86_64 | 0.1.1 | 22.00 | 85.00 | 107.00 | NOTE |
Version: 0.1.1
Check: C++ specification
Result: NOTE
Specified C++11: please drop specification unless essential
Flavors: r-devel-linux-x86_64-debian-clang, r-devel-linux-x86_64-debian-gcc, r-devel-linux-x86_64-fedora-clang, r-devel-linux-x86_64-fedora-gcc, r-devel-windows-x86_64, r-patched-linux-x86_64, r-release-linux-x86_64, r-release-macos-arm64, r-release-macos-x86_64, r-release-windows-x86_64
Version: 0.1.1
Check: installed package size
Result: NOTE
installed size is 11.1Mb
sub-directories of 1Mb or more:
bin 8.6Mb
doc 1.3Mb
Flavors: r-devel-windows-x86_64, r-release-macos-arm64, r-release-macos-x86_64, r-release-windows-x86_64, r-oldrel-macos-arm64, r-oldrel-macos-x86_64, r-oldrel-windows-x86_64