Last updated on 2024-04-19 22:55:57 CEST.
Flavor | Version | Tinstall | Tcheck | Ttotal | Status | Flags |
---|---|---|---|---|---|---|
r-devel-linux-x86_64-debian-clang | 0.1.3 | 131.97 | 83.80 | 215.77 | OK | |
r-devel-linux-x86_64-debian-gcc | 0.1.3 | OK | ||||
r-devel-linux-x86_64-fedora-clang | 0.1.3 | 277.29 | OK | |||
r-devel-linux-x86_64-fedora-gcc | 0.1.3 | 320.95 | OK | |||
r-prerel-macos-arm64 | 0.1.3 | 75.00 | NOTE | |||
r-prerel-windows-x86_64 | 0.1.3 | 94.00 | 104.00 | 198.00 | OK | |
r-patched-linux-x86_64 | 0.1.3 | 132.94 | 91.56 | 224.50 | OK | |
r-release-linux-x86_64 | 0.1.3 | 125.46 | 92.61 | 218.07 | OK | |
r-release-macos-arm64 | 0.1.3 | 63.00 | NOTE | |||
r-release-macos-x86_64 | 0.1.3 | 145.00 | NOTE | |||
r-release-windows-x86_64 | 0.1.3 | 119.00 | 131.00 | 250.00 | OK | |
r-oldrel-macos-arm64 | 0.1.3 | 63.00 | NOTE | |||
r-oldrel-windows-x86_64 | 0.1.3 | 114.00 | 126.00 | 240.00 | OK |
Version: 0.1.3
Check: installed package size
Result: NOTE
installed size is 28.9Mb
sub-directories of 1Mb or more:
libs 28.8Mb
Flavors: r-prerel-macos-arm64, r-release-macos-arm64, r-release-macos-x86_64, r-oldrel-macos-arm64