CRAN Package Check Results for Package planar

Last updated on 2018-10-16 22:56:28 CEST.

Flavor Version Tinstall Tcheck Ttotal Status Flags
r-devel-linux-x86_64-debian-clang 1.6 93.09 61.43 154.52 OK
r-devel-linux-x86_64-debian-gcc 1.6 78.79 46.67 125.46 OK
r-devel-linux-x86_64-fedora-clang 1.6 228.70 NOTE
r-devel-linux-x86_64-fedora-gcc 1.6 201.83 NOTE
r-devel-windows-ix86+x86_64 1.6 212.00 99.00 311.00 OK
r-patched-linux-x86_64 1.6 96.16 53.73 149.89 OK
r-patched-solaris-x86 1.6 181.50 OK
r-release-linux-x86_64 1.6 97.12 54.22 151.34 OK
r-release-windows-ix86+x86_64 1.6 232.00 121.00 353.00 OK
r-release-osx-x86_64 1.6 OK
r-oldrel-windows-ix86+x86_64 1.6 242.00 98.00 340.00 OK
r-oldrel-osx-x86_64 1.6 OK

Check Details

Version: 1.6
Check: compiled code
Result: NOTE
    File ‘planar/libs/planar.so’:
     Found no calls to: ‘R_registerRoutines’, ‘R_useDynamicSymbols’
    
    It is good practice to register native routines and to disable symbol
    search.
    
    See ‘Writing portable packages’ in the ‘Writing R Extensions’ manual.
Flavors: r-devel-linux-x86_64-fedora-clang, r-devel-linux-x86_64-fedora-gcc