CRAN Package Check Results for Package planar

Last updated on 2018-07-18 22:49:24 CEST.

Flavor Version Tinstall Tcheck Ttotal Status Flags
r-devel-linux-x86_64-debian-clang 1.6 82.74 60.61 143.35 NOTE
r-devel-linux-x86_64-debian-gcc 1.6 76.74 45.63 122.37 NOTE
r-devel-linux-x86_64-fedora-clang 1.6 208.09 NOTE
r-devel-linux-x86_64-fedora-gcc 1.6 195.86 NOTE
r-devel-windows-ix86+x86_64 1.6 209.00 148.00 357.00 OK
r-patched-linux-x86_64 1.6 95.23 54.97 150.20 NOTE
r-patched-solaris-x86 1.6 182.60 OK
r-release-linux-x86_64 1.6 93.95 54.71 148.66 NOTE
r-release-windows-ix86+x86_64 1.6 235.00 135.00 370.00 OK
r-release-osx-x86_64 1.6 OK
r-oldrel-windows-ix86+x86_64 1.6 216.00 93.00 309.00 OK
r-oldrel-osx-x86_64 1.6 OK

Check Details

Version: 1.6
Check: compiled code
Result: NOTE
    File ‘planar/libs/planar.so’:
     Found no calls to: ‘R_registerRoutines’, ‘R_useDynamicSymbols’
    
    It is good practice to register native routines and to disable symbol
    search.
    
    See ‘Writing portable packages’ in the ‘Writing R Extensions’ manual.
Flavors: r-devel-linux-x86_64-debian-clang, r-devel-linux-x86_64-debian-gcc, r-devel-linux-x86_64-fedora-clang, r-devel-linux-x86_64-fedora-gcc, r-patched-linux-x86_64, r-release-linux-x86_64