CRAN Package Check Results for Package pleio

Last updated on 2018-10-16 22:56:28 CEST.

Flavor Version Tinstall Tcheck Ttotal Status Flags
r-devel-linux-x86_64-debian-clang 1.5 7.69 107.76 115.45 OK
r-devel-linux-x86_64-debian-gcc 1.5 5.46 83.75 89.21 OK
r-devel-linux-x86_64-fedora-clang 1.5 145.21 OK
r-devel-linux-x86_64-fedora-gcc 1.5 130.72 OK
r-devel-windows-ix86+x86_64 1.5 24.00 118.00 142.00 WARN
r-patched-linux-x86_64 1.5 6.47 84.51 90.98 OK
r-patched-solaris-x86 1.5 169.80 OK
r-release-linux-x86_64 1.5 6.36 86.89 93.25 OK
r-release-windows-ix86+x86_64 1.5 24.00 146.00 170.00 WARN
r-release-osx-x86_64 1.5 OK
r-oldrel-windows-ix86+x86_64 1.5 30.00 113.00 143.00 OK
r-oldrel-osx-x86_64 1.5 OK

Check Details

Version: 1.5
Check: whether package can be installed
Result: WARN
    Found the following significant warnings:
     Warning: S3 methods '[.fun_list', '[.grouped_df', 'all.equal.tbl_df', 'anti_join.data.frame', 'anti_join.tbl_df', 'arrange.data.frame', 'arrange.default', 'arrange.grouped_df', 'arrange.tbl_df', 'arrange_.data.frame', 'arrange_.tbl_df', 'as.data.frame.grouped_df', 'as.data.frame.rowwise_df', 'as.data.frame.tbl_cube', 'as.data.frame.tbl_df', 'as.table.tbl_cube', 'as.tbl.data.frame', 'as.tbl.tbl', 'as.tbl_cube.array', 'as.tbl_cube.data.frame', 'as.tbl_cube.matrix', 'as.tbl_cube.table', 'as_data_frame.grouped_df', 'as_data_frame.tbl_cube', 'auto_copy.tbl_cube', 'auto_copy.tbl_df', 'cbind.grouped_df', 'collapse.data.frame', 'collect.data.frame', 'common_by.NULL', 'common_by.character', 'common_by.default', 'common_by.list', 'compute.data.frame', 'copy_to.DBIConnection', 'copy_to.src_local', 'default_missing.data.frame', 'default_missing.default', 'dim.tbl_cube', 'distinct.data.frame', 'distinct.default', 'distinct.grouped_df', 'distinct.tbl_df', 'distinct_.data.frame', 'distinct_.grouped_df', 'dist [... truncated]
Flavors: r-devel-windows-ix86+x86_64, r-release-windows-ix86+x86_64