CRAN Package Check Results for Package plotly

Last updated on 2024-02-21 21:49:47 CET.

Flavor Version Tinstall Tcheck Ttotal Status Flags
r-devel-linux-x86_64-debian-clang 4.10.4 OK
r-devel-linux-x86_64-debian-gcc 4.10.4 14.03 187.41 201.44 OK
r-devel-linux-x86_64-fedora-clang 4.10.4 323.05 NOTE
r-devel-linux-x86_64-fedora-gcc 4.10.4 319.77 OK
r-devel-windows-x86_64 4.10.4 18.00 188.00 206.00 NOTE
r-patched-linux-x86_64 4.10.4 19.20 245.24 264.44 OK
r-release-linux-x86_64 4.10.4 18.72 241.56 260.28 OK
r-release-macos-arm64 4.10.4 95.00 NOTE
r-release-macos-x86_64 4.10.4 198.00 NOTE
r-release-windows-x86_64 4.10.4 25.00 232.00 257.00 NOTE
r-oldrel-macos-arm64 4.10.4 99.00 NOTE
r-oldrel-windows-x86_64 4.10.4 23.00 226.00 249.00 NOTE

Check Details

Version: 4.10.4
Check: installed package size
Result: NOTE installed size is 7.2Mb sub-directories of 1Mb or more: htmlwidgets 4.0Mb Flavors: r-devel-linux-x86_64-fedora-clang, r-devel-windows-x86_64, r-release-macos-arm64, r-release-macos-x86_64, r-release-windows-x86_64, r-oldrel-macos-arm64, r-oldrel-windows-x86_64