CRAN Package Check Results for Package pls

Last updated on 2018-09-23 22:47:07 CEST.

Flavor Version Tinstall Tcheck Ttotal Status Flags
r-devel-linux-x86_64-debian-clang 2.7-0 4.32 55.22 59.54 OK
r-devel-linux-x86_64-debian-gcc 2.7-0 3.57 44.07 47.64 OK
r-devel-linux-x86_64-fedora-clang 2.7-0 70.95 OK
r-devel-linux-x86_64-fedora-gcc 2.7-0 70.57 OK
r-devel-windows-ix86+x86_64 2.7-0 11.00 67.00 78.00 OK
r-patched-linux-x86_64 2.7-0 3.86 52.57 56.43 OK
r-patched-solaris-x86 2.7-0 106.60 OK
r-release-linux-x86_64 2.7-0 4.38 0.02 4.40 FAIL
r-release-windows-ix86+x86_64 2.7-0 7.00 89.00 96.00 OK
r-release-osx-x86_64 2.7-0 NOTE
r-oldrel-windows-ix86+x86_64 2.7-0 5.00 94.00 99.00 OK
r-oldrel-osx-x86_64 2.7-0 NOTE

Check Details

Version: 2.7-0
Check: tests
Result: FAIL
    
Flavor: r-release-linux-x86_64

Version: 2.7-0
Check: package dependencies
Result: NOTE
    Package suggested but not available for checking: ‘Rmpi’
Flavors: r-release-osx-x86_64, r-oldrel-osx-x86_64