CRAN Package Check Results for Package pls

Last updated on 2018-02-24 22:47:40 CET.

Flavor Version Tinstall Tcheck Ttotal Status Flags
r-devel-linux-x86_64-debian-clang 2.6-0 4.97 43.56 48.53 OK
r-devel-linux-x86_64-debian-gcc 2.6-0 3.08 33.64 36.72 OK
r-devel-linux-x86_64-fedora-clang 2.6-0 58.97 OK
r-devel-linux-x86_64-fedora-gcc 2.6-0 56.37 OK
r-devel-windows-ix86+x86_64 2.6-0 10.00 67.00 77.00 OK
r-patched-linux-x86_64 2.6-0 1.48 49.28 50.76 OK
r-patched-solaris-x86 2.6-0 68.10 OK
r-release-linux-x86_64 2.6-0 1.90 47.34 49.24 OK
r-release-windows-ix86+x86_64 2.6-0 4.00 71.00 75.00 OK
r-release-osx-x86_64 2.6-0 NOTE
r-oldrel-windows-ix86+x86_64 2.6-0 3.00 73.00 76.00 OK
r-oldrel-osx-x86_64 2.6-0 NOTE

Check Details

Version: 2.6-0
Check: package dependencies
Result: NOTE
    Package suggested but not available for checking: ‘Rmpi’
Flavors: r-release-osx-x86_64, r-oldrel-osx-x86_64

Version: 2.6-0
Check: re-building of vignette outputs
Result: NOTE
    Error in re-building vignettes:
     ...
    
    Attaching package: ‘pls’
    
    The following object is masked from ‘package:stats’:
    
     loadings
    
    Error in texi2dvi(file = file, pdf = TRUE, clean = clean, quiet = quiet, :
     Running 'texi2dvi' on 'pls-manual.tex' failed.
    LaTeX errors:
    ! LaTeX Error: File `a4wide.sty' not found.
    
    Type X to quit or <RETURN> to proceed,
    or enter new name. (Default extension: sty)
    
    ! Emergency stop.
    <read *>
    
    l.6 ^^M
    
    ! ==> Fatal error occurred, no output PDF file produced!
    Calls: buildVignettes -> texi2pdf -> texi2dvi
    Execution halted
Flavor: r-release-osx-x86_64