CRAN Package Check Results for Package pls

Last updated on 2017-11-21 22:48:19 CET.

Flavor Version Tinstall Tcheck Ttotal Status Flags
r-devel-linux-x86_64-debian-clang 2.6-0 1.22 28.60 29.82 OK
r-devel-linux-x86_64-debian-gcc 2.6-0 2.25 76.46 78.71 OK
r-devel-linux-x86_64-fedora-clang 2.6-0 53.72 OK
r-devel-linux-x86_64-fedora-gcc 2.6-0 57.68 OK
r-devel-windows-ix86+x86_64 2.6-0 8.00 60.00 68.00 OK
r-patched-linux-x86_64 2.6-0 1.47 30.08 31.55 OK
r-patched-solaris-x86 2.6-0 68.20 OK
r-release-linux-x86_64 2.6-0 1.28 30.53 31.81 OK
r-release-windows-ix86+x86_64 2.6-0 4.00 88.00 92.00 OK
r-release-osx-x86_64 2.6-0 NOTE
r-oldrel-windows-ix86+x86_64 2.6-0 4.00 65.00 69.00 OK
r-oldrel-osx-x86_64 2.6-0 NOTE

Check Details

Version: 2.6-0
Check: package dependencies
Result: NOTE
    Package suggested but not available for checking: ‘Rmpi’
Flavors: r-release-osx-x86_64, r-oldrel-osx-x86_64

Version: 2.6-0
Check: re-building of vignette outputs
Result: NOTE
    Error in re-building vignettes:
     ...
    
    Attaching package: ‘pls’
    
    The following object is masked from ‘package:stats’:
    
     loadings
    
    Error in texi2dvi(file = file, pdf = TRUE, clean = clean, quiet = quiet, :
     Running 'texi2dvi' on 'pls-manual.tex' failed.
    LaTeX errors:
    ! LaTeX Error: File `a4wide.sty' not found.
    
    Type X to quit or <RETURN> to proceed,
    or enter new name. (Default extension: sty)
    
    ! Emergency stop.
    <read *>
    
    l.6 ^^M
    
    ! ==> Fatal error occurred, no output PDF file produced!
    Calls: buildVignettes -> texi2pdf -> texi2dvi
    Execution halted
Flavor: r-release-osx-x86_64