CRAN Package Check Results for Package plsVarSel

Last updated on 2021-04-13 22:53:52 CEST.

Flavor Version Tinstall Tcheck Ttotal Status Flags
r-devel-linux-x86_64-debian-clang 0.9.6 10.15 81.32 91.47 OK
r-devel-linux-x86_64-debian-gcc 0.9.6 8.01 62.11 70.12 OK
r-devel-linux-x86_64-fedora-clang 0.9.6 116.91 OK
r-devel-linux-x86_64-fedora-gcc 0.9.6 106.85 OK
r-devel-windows-ix86+x86_64 0.9.6 21.00 92.00 113.00 OK
r-devel-windows-x86_64-gcc10-UCRT 0.9.6 OK
r-patched-linux-x86_64 0.9.6 10.13 75.74 85.87 OK
r-patched-solaris-x86 0.9.6 146.50 OK
r-release-linux-x86_64 0.9.6 9.34 77.21 86.55 OK
r-release-macos-x86_64 0.9.6 NOTE
r-release-windows-ix86+x86_64 0.9.6 21.00 99.00 120.00 OK
r-oldrel-macos-x86_64 0.9.6 NOTE
r-oldrel-windows-ix86+x86_64 0.9.6 14.00 74.00 88.00 OK

Check Details

Version: 0.9.6
Check: package dependencies
Result: NOTE
    Package suggested but not available for checking: ‘Rmpi’
Flavors: r-release-macos-x86_64, r-oldrel-macos-x86_64