CRAN Package Check Results for Package plsr

Last updated on 2020-07-11 22:50:11 CEST.

Flavor Version Tinstall Tcheck Ttotal Status Flags
r-devel-linux-x86_64-debian-clang 0.0.1 3.29 35.12 38.41 NOTE
r-devel-linux-x86_64-debian-gcc 0.0.1 2.76 27.53 30.29 NOTE
r-devel-linux-x86_64-fedora-gcc 0.0.1 44.84 OK
r-devel-windows-ix86+x86_64 0.0.1 10.00 62.00 72.00 NOTE
r-patched-linux-x86_64 0.0.1 3.63 34.62 38.25 NOTE
r-patched-solaris-x86 0.0.1 71.10 OK
r-release-linux-x86_64 0.0.1 3.85 35.11 38.96 NOTE
r-release-macos-x86_64 0.0.1 OK
r-release-windows-ix86+x86_64 0.0.1 13.00 46.00 59.00 NOTE
r-oldrel-macos-x86_64 0.0.1 OK
r-oldrel-windows-ix86+x86_64 0.0.1 9.00 44.00 53.00 OK

Check Details

Version: 0.0.1
Check: package vignettes
Result: NOTE
    Package vignette with placeholder title 'Vignette Title':
     'introduction.Rmd'
Flavors: r-devel-linux-x86_64-debian-clang, r-devel-linux-x86_64-debian-gcc, r-devel-windows-ix86+x86_64, r-patched-linux-x86_64, r-release-linux-x86_64, r-release-windows-ix86+x86_64