CRAN Package Check Results for Package plsr

Last updated on 2019-08-17 22:46:34 CEST.

Flavor Version Tinstall Tcheck Ttotal Status Flags
r-devel-linux-x86_64-debian-clang 0.0.1 3.36 32.75 36.11 NOTE
r-devel-linux-x86_64-debian-gcc 0.0.1 2.92 25.48 28.40 NOTE
r-devel-linux-x86_64-fedora-gcc 0.0.1 40.24 OK
r-devel-windows-ix86+x86_64 0.0.1 10.00 49.00 59.00 NOTE
r-patched-linux-x86_64 0.0.1 2.43 32.67 35.10 OK
r-patched-solaris-x86 0.0.1 65.50 OK
r-release-linux-x86_64 0.0.1 2.81 32.42 35.23 OK
r-release-windows-ix86+x86_64 0.0.1 14.00 57.00 71.00 OK
r-release-osx-x86_64 0.0.1 OK
r-oldrel-windows-ix86+x86_64 0.0.1 5.00 76.00 81.00 OK
r-oldrel-osx-x86_64 0.0.1 OK

Check Details

Version: 0.0.1
Check: package vignettes
Result: NOTE
    Package vignette with placeholder title 'Vignette Title':
     'introduction.Rmd'
Flavors: r-devel-linux-x86_64-debian-clang, r-devel-linux-x86_64-debian-gcc, r-devel-windows-ix86+x86_64