CRAN Package Check Results for Package pmclust

Last updated on 2018-06-24 22:49:32 CEST.

Flavor Version Tinstall Tcheck Ttotal Status Flags
r-devel-linux-x86_64-debian-clang 0.2-0 5.98 55.85 61.83 OK
r-devel-linux-x86_64-debian-gcc 0.2-0 5.62 43.64 49.26 OK
r-devel-linux-x86_64-fedora-clang 0.2-0 74.00 OK
r-devel-linux-x86_64-fedora-gcc 0.2-0 70.54 OK
r-devel-windows-ix86+x86_64 0.2-0 19.00 90.00 109.00 OK
r-patched-linux-x86_64 0.2-0 5.21 51.79 57.00 OK
r-patched-solaris-x86 0.2-0 93.60 OK
r-release-linux-x86_64 0.2-0 5.73 51.48 57.21 OK
r-release-windows-ix86+x86_64 0.2-0 19.00 83.00 102.00 OK
r-release-osx-x86_64 0.2-0 ERROR
r-oldrel-windows-ix86+x86_64 0.2-0 16.00 111.00 127.00 OK
r-oldrel-osx-x86_64 0.2-0 ERROR

Check Details

Version: 0.2-0
Check: package dependencies
Result: ERROR
    Packages required but not available: ‘pbdMPI’ ‘pbdBASE’ ‘pbdDMAT’
    
    See section ‘The DESCRIPTION file’ in the ‘Writing R Extensions’
    manual.
Flavors: r-release-osx-x86_64, r-oldrel-osx-x86_64