CRAN Package Check Results for Package pmclust

Last updated on 2017-11-22 22:57:38 CET.

Flavor Version Tinstall Tcheck Ttotal Status Flags
r-devel-linux-x86_64-debian-clang 0.1-9 2.54 35.86 38.40 NOTE
r-devel-linux-x86_64-debian-gcc 0.1-9 3.47 97.78 101.25 NOTE
r-devel-linux-x86_64-fedora-clang 0.1-9 61.91 NOTE
r-devel-linux-x86_64-fedora-gcc 0.1-9 101.39 NOTE
r-devel-windows-ix86+x86_64 0.1-9 11.00 86.00 97.00 OK
r-patched-linux-x86_64 0.1-9 2.59 38.23 40.82 NOTE
r-patched-solaris-x86 0.1-9 88.00 OK
r-release-linux-x86_64 0.1-9 2.72 38.46 41.19 NOTE
r-release-windows-ix86+x86_64 0.1-9 11.00 124.00 135.00 OK
r-release-osx-x86_64 0.1-9 ERROR
r-oldrel-windows-ix86+x86_64 0.1-9 13.00 103.00 116.00 OK
r-oldrel-osx-x86_64 0.1-9 ERROR

Check Details

Version: 0.1-9
Check: compiled code
Result: NOTE
    File ‘pmclust/libs/pmclust.so’:
     Found no calls to: ‘R_registerRoutines’, ‘R_useDynamicSymbols’
    
    It is good practice to register native routines and to disable symbol
    search.
    
    See ‘Writing portable packages’ in the ‘Writing R Extensions’ manual.
Flavors: r-devel-linux-x86_64-debian-clang, r-devel-linux-x86_64-debian-gcc, r-devel-linux-x86_64-fedora-clang, r-devel-linux-x86_64-fedora-gcc, r-patched-linux-x86_64, r-release-linux-x86_64

Version: 0.1-9
Check: package dependencies
Result: ERROR
    Packages required but not available: ‘pbdMPI’ ‘pbdBASE’ ‘pbdDMAT’
    
    See section ‘The DESCRIPTION file’ in the ‘Writing R Extensions’
    manual.
Flavors: r-release-osx-x86_64, r-oldrel-osx-x86_64