CRAN Package Check Results for Package pmclust

Last updated on 2018-02-24 22:47:41 CET.

Flavor Version Tinstall Tcheck Ttotal Status Flags
r-devel-linux-x86_64-debian-clang 0.2-0 6.09 50.16 56.25 OK
r-devel-linux-x86_64-debian-gcc 0.2-0 5.00 39.81 44.81 OK
r-devel-linux-x86_64-fedora-clang 0.2-0 69.40 OK
r-devel-linux-x86_64-fedora-gcc 0.2-0 66.62 OK
r-devel-windows-ix86+x86_64 0.2-0 23.00 109.00 132.00 OK
r-patched-linux-x86_64 0.2-0 3.75 52.63 56.38 OK
r-patched-solaris-x86 0.2-0 84.90 OK
r-release-linux-x86_64 0.2-0 3.47 52.46 55.93 OK
r-release-windows-ix86+x86_64 0.2-0 12.00 118.00 130.00 OK
r-release-osx-x86_64 0.2-0 ERROR
r-oldrel-windows-ix86+x86_64 0.2-0 11.00 105.00 116.00 OK
r-oldrel-osx-x86_64 0.1-9 ERROR

Check Details

Version: 0.2-0
Check: package dependencies
Result: ERROR
    Packages required but not available: ‘pbdMPI’ ‘pbdBASE’ ‘pbdDMAT’
    
    See section ‘The DESCRIPTION file’ in the ‘Writing R Extensions’
    manual.
Flavor: r-release-osx-x86_64

Version: 0.1-9
Check: package dependencies
Result: ERROR
    Packages required but not available: ‘pbdMPI’ ‘pbdBASE’ ‘pbdDMAT’
    
    See section ‘The DESCRIPTION file’ in the ‘Writing R Extensions’
    manual.
Flavor: r-oldrel-osx-x86_64