Last updated on 2023-09-26 23:04:21 CEST.
Flavor | Version | Tinstall | Tcheck | Ttotal | Status | Flags |
---|---|---|---|---|---|---|
r-devel-linux-x86_64-debian-clang | 0.2.1 | 8.23 | 151.47 | 159.70 | NOTE | |
r-devel-linux-x86_64-debian-gcc | 0.2.1 | 5.19 | 106.62 | 111.81 | NOTE | |
r-devel-linux-x86_64-fedora-clang | 0.2.1 | 188.23 | NOTE | |||
r-devel-linux-x86_64-fedora-gcc | 0.2.1 | 210.56 | NOTE | |||
r-devel-windows-x86_64 | 0.2.1 | 9.00 | 173.00 | 182.00 | OK | |
r-patched-linux-x86_64 | 0.2.1 | 4.98 | 147.88 | 152.86 | OK | |
r-release-linux-x86_64 | 0.2.1 | 4.68 | 147.85 | 152.53 | OK | |
r-release-macos-arm64 | 0.2.1 | 77.00 | NOTE | |||
r-release-macos-x86_64 | 0.2.1 | 113.00 | NOTE | |||
r-release-windows-x86_64 | 0.2.1 | 10.00 | 180.00 | 190.00 | OK | |
r-oldrel-macos-arm64 | 0.2.1 | 62.00 | NOTE | |||
r-oldrel-macos-x86_64 | 0.2.1 | 90.00 | NOTE | |||
r-oldrel-windows-x86_64 | 0.2.1 | 10.00 | 172.00 | 182.00 | OK |
Version: 0.2.1
Check: package dependencies
Result: NOTE
Package suggested but not available for checking: ‘MSnbase’
Flavors: r-devel-linux-x86_64-debian-clang, r-devel-linux-x86_64-debian-gcc, r-devel-linux-x86_64-fedora-clang, r-devel-linux-x86_64-fedora-gcc, r-release-macos-arm64, r-release-macos-x86_64
Version: 0.2.1
Check: data for non-ASCII characters
Result: NOTE
Note: found 62 marked UTF-8 strings
Flavors: r-devel-linux-x86_64-fedora-clang, r-devel-linux-x86_64-fedora-gcc, r-oldrel-macos-arm64, r-oldrel-macos-x86_64