Last updated on 2023-06-01 23:00:12 CEST.
Flavor | Version | Tinstall | Tcheck | Ttotal | Status | Flags |
---|---|---|---|---|---|---|
r-devel-linux-x86_64-debian-clang | 0.11.4 | 22.54 | 210.88 | 233.42 | OK | |
r-devel-linux-x86_64-debian-gcc | 0.11.4 | 18.17 | 159.53 | 177.70 | OK | |
r-devel-linux-x86_64-fedora-clang | 0.11.4 | 290.92 | NOTE | |||
r-devel-linux-x86_64-fedora-gcc | 0.11.4 | 275.87 | NOTE | |||
r-devel-windows-x86_64 | 0.11.4 | 25.00 | 196.00 | 221.00 | OK | |
r-patched-linux-x86_64 | 0.11.4 | OK | ||||
r-release-linux-x86_64 | 0.11.4 | 17.83 | 201.69 | 219.52 | OK | |
r-release-macos-arm64 | 0.11.4 | 75.00 | OK | |||
r-release-macos-x86_64 | 0.11.3 | 141.00 | OK | |||
r-release-windows-x86_64 | 0.11.4 | 32.00 | 230.00 | 262.00 | OK | |
r-oldrel-macos-arm64 | 0.11.4 | 63.00 | OK | |||
r-oldrel-macos-x86_64 | 0.11.4 | 87.00 | OK | |||
r-oldrel-windows-x86_64 | 0.11.4 | 33.00 | 183.00 | 216.00 | OK |
Version: 0.11.4
Check: data for non-ASCII characters
Result: NOTE
Note: found 1 marked UTF-8 string
Flavors: r-devel-linux-x86_64-fedora-clang, r-devel-linux-x86_64-fedora-gcc