Last updated on 2023-10-02 22:08:07 CEST.
Flavor | Version | Tinstall | Tcheck | Ttotal | Status | Flags |
---|---|---|---|---|---|---|
r-devel-linux-x86_64-debian-clang | 2.0.0 | 98.61 | 161.06 | 259.67 | OK | |
r-devel-linux-x86_64-debian-gcc | 2.0.0 | 68.72 | 120.88 | 189.60 | OK | |
r-devel-linux-x86_64-fedora-clang | 2.0.0 | 368.03 | NOTE | |||
r-devel-linux-x86_64-fedora-gcc | 2.0.0 | 356.76 | OK | |||
r-devel-windows-x86_64 | 2.0.0 | 68.00 | 172.00 | 240.00 | NOTE | |
r-patched-linux-x86_64 | 2.0.0 | 102.23 | 153.75 | 255.98 | OK | |
r-release-linux-x86_64 | 2.0.0 | 98.88 | 155.78 | 254.66 | OK | |
r-release-macos-arm64 | 2.0.0 | 92.00 | NOTE | |||
r-release-macos-x86_64 | 2.0.0 | 162.00 | NOTE | |||
r-release-windows-x86_64 | 2.0.0 | 79.00 | 207.00 | 286.00 | NOTE | |
r-oldrel-macos-arm64 | 2.0.0 | 84.00 | NOTE | |||
r-oldrel-macos-x86_64 | 2.0.0 | 113.00 | NOTE | |||
r-oldrel-windows-x86_64 | 2.0.0 | 90.00 | 205.00 | 295.00 | NOTE |
Version: 2.0.0
Check: Rd cross-references
Result: NOTE
Undeclared packages ‘polymapR’, ‘BSgenome’ in Rd xrefs
Flavor: r-devel-linux-x86_64-fedora-clang
Version: 2.0.0
Check: installed package size
Result: NOTE
installed size is 5.5Mb
sub-directories of 1Mb or more:
extdata 2.8Mb
libs 1.3Mb
Flavors: r-devel-windows-x86_64, r-release-macos-arm64, r-release-macos-x86_64, r-release-windows-x86_64, r-oldrel-macos-arm64, r-oldrel-macos-x86_64, r-oldrel-windows-x86_64
Version: 2.0.0
Check: package dependencies
Result: NOTE
Package suggested but not available for checking: ‘VariantAnnotation’
Flavors: r-release-macos-arm64, r-release-macos-x86_64
Version: 2.0.0
Check: Rd cross-references
Result: NOTE
Package unavailable to check Rd xrefs: ‘VariantAnnotation’
Flavors: r-release-macos-arm64, r-release-macos-x86_64