Last updated on 2024-03-28 23:01:53 CET.
Flavor | Version | Tinstall | Tcheck | Ttotal | Status | Flags |
---|---|---|---|---|---|---|
r-devel-linux-x86_64-debian-clang | 0.2.0 | 19.44 | 31.47 | 50.91 | NOTE | |
r-devel-linux-x86_64-debian-gcc | 0.2.0 | 14.20 | 24.45 | 38.65 | NOTE | |
r-devel-linux-x86_64-fedora-clang | 0.2.0 | 72.44 | NOTE | |||
r-devel-linux-x86_64-fedora-gcc | 0.2.0 | 69.55 | NOTE | |||
r-devel-windows-x86_64 | 0.2.0 | 16.00 | 59.00 | 75.00 | NOTE | |
r-patched-linux-x86_64 | 0.2.0 | 18.59 | 30.24 | 48.83 | NOTE | |
r-release-linux-x86_64 | 0.2.0 | 19.45 | 31.05 | 50.50 | NOTE | |
r-release-macos-arm64 | 0.2.0 | 25.00 | NOTE | |||
r-release-macos-x86_64 | 0.2.0 | 34.00 | NOTE | |||
r-release-windows-x86_64 | 0.2.0 | 18.00 | 70.00 | 88.00 | NOTE | |
r-oldrel-macos-arm64 | 0.2.0 | 24.00 | NOTE | |||
r-oldrel-windows-x86_64 | 0.2.0 | 21.00 | 72.00 | 93.00 | NOTE |
Version: 0.2.0
Check: C++ specification
Result: NOTE
Specified C++11: please drop specification unless essential
Flavors: r-devel-linux-x86_64-debian-clang, r-devel-linux-x86_64-debian-gcc, r-devel-linux-x86_64-fedora-clang, r-devel-linux-x86_64-fedora-gcc, r-devel-windows-x86_64, r-patched-linux-x86_64, r-release-linux-x86_64, r-release-macos-arm64, r-release-macos-x86_64, r-release-windows-x86_64
Version: 0.2.0
Check: LazyData
Result: NOTE
'LazyData' is specified without a 'data' directory
Flavors: r-devel-linux-x86_64-debian-clang, r-devel-linux-x86_64-debian-gcc, r-devel-linux-x86_64-fedora-clang, r-devel-linux-x86_64-fedora-gcc, r-devel-windows-x86_64, r-patched-linux-x86_64, r-release-linux-x86_64, r-release-macos-arm64, r-release-macos-x86_64, r-release-windows-x86_64, r-oldrel-macos-arm64, r-oldrel-windows-x86_64