CRAN Package Check Results for Package pomodoro

Last updated on 2024-02-28 22:59:28 CET.

Flavor Version Tinstall Tcheck Ttotal Status Flags
r-devel-linux-x86_64-debian-clang 3.8.0 13.23 264.64 277.87 NOTE
r-devel-linux-x86_64-debian-gcc 3.8.0 11.17 190.87 202.04 NOTE
r-devel-linux-x86_64-fedora-clang 3.8.0 346.17 NOTE
r-devel-linux-x86_64-fedora-gcc 3.8.0 326.70 NOTE
r-devel-windows-x86_64 3.8.0 15.00 209.00 224.00 OK
r-patched-linux-x86_64 3.8.0 11.74 243.23 254.97 OK
r-release-linux-x86_64 3.8.0 10.19 238.36 248.55 OK
r-release-macos-arm64 3.8.0 142.00 OK
r-release-macos-x86_64 3.8.0 213.00 OK
r-release-windows-x86_64 3.8.0 19.00 243.00 262.00 OK
r-oldrel-macos-arm64 3.8.0 135.00 OK
r-oldrel-windows-x86_64 3.8.0 20.00 259.00 279.00 OK

Check Details

Version: 3.8.0
Check: Rd files
Result: NOTE checkRd: (-1) MLM_Model.Rd:31: Lost braces; missing escapes or markup? 31 | the weight vectors \bold{{w}^{i}} corresponds to class \eqn{i}{i}. | ^ checkRd: (-1) MLM_Model.Rd:33: Lost braces; missing escapes or markup? 33 | We set \eqn{{\bold{{w}}^{h}} = 0} and the parameters to be learned are the weight vectors \bold{{w}^{i}} | ^ Flavors: r-devel-linux-x86_64-debian-clang, r-devel-linux-x86_64-debian-gcc, r-devel-linux-x86_64-fedora-clang, r-devel-linux-x86_64-fedora-gcc