Last updated on 2024-03-28 23:01:53 CET.
Flavor | Version | Tinstall | Tcheck | Ttotal | Status | Flags |
---|---|---|---|---|---|---|
r-devel-linux-x86_64-debian-clang | 2.7 | 4.79 | 59.14 | 63.93 | NOTE | |
r-devel-linux-x86_64-debian-gcc | 2.7 | 3.69 | 43.18 | 46.87 | NOTE | |
r-devel-linux-x86_64-fedora-clang | 2.7 | 74.48 | NOTE | |||
r-devel-linux-x86_64-fedora-gcc | 2.7 | 73.73 | NOTE | |||
r-devel-windows-x86_64 | 2.7 | 5.00 | 68.00 | 73.00 | NOTE | |
r-patched-linux-x86_64 | 2.7 | 6.03 | 54.58 | 60.61 | NOTE | |
r-release-linux-x86_64 | 2.7 | 4.41 | 58.70 | 63.11 | NOTE | |
r-release-macos-arm64 | 2.7 | 23.00 | NOTE | |||
r-release-macos-x86_64 | 2.7 | 38.00 | NOTE | |||
r-release-windows-x86_64 | 2.7 | 6.00 | 83.00 | 89.00 | NOTE | |
r-oldrel-macos-arm64 | 2.7 | 22.00 | OK | |||
r-oldrel-windows-x86_64 | 2.7 | 16.00 | 84.00 | 100.00 | OK |
Version: 2.7
Check: package namespace information
Result: NOTE
Found export directive that requires package ‘methods’:
‘exportClasses’
Remove all such namespace directives (if obsolete) or ensure that the
DESCRIPTION Depends or Imports field contains ‘methods’.
Flavors: r-devel-linux-x86_64-debian-clang, r-devel-linux-x86_64-debian-gcc, r-devel-linux-x86_64-fedora-clang, r-devel-linux-x86_64-fedora-gcc, r-devel-windows-x86_64, r-patched-linux-x86_64
Version: 2.7
Check: Rd files
Result: NOTE
checkRd: (-1) Kendall.Rd:12-13: Lost braces
12 | \item{rates}{a}{matrix or dataframe with four columns: Rate identifier, Year,
| ^
checkRd: (-1) Kendall.Rd:15: Lost braces
15 | \item{grades}{number}{of different levels of means and variances to try, default is 1000}
| ^
checkRd: (-1) Kendall.Rd:17-18: Lost braces
17 | \item{maxvar}{maximum}{variance to search over, default is 0.20. The maximum
| ^
checkRd: (-1) Kendall.Rd:20: Lost braces
20 | \item{minvar}{minimum}{variance to search, default is 0.00001}
| ^
checkRd: (-1) Kendall.Rd:22: Lost braces
22 | \item{maxmean}{maximum}{limit on the mean values to search, default 1}
| ^
checkRd: (-1) Kendall.Rd:24: Lost braces
24 | \item{minmean}{minimum}{limit on the mean values to search, default 0.01}
| ^
checkRd: (-1) Kendall.Rd:73: Escaped LaTeX specials: \&
checkRd: (-1) countCDFxt.Rd:63: Escaped LaTeX specials: \&
Flavors: r-devel-linux-x86_64-debian-clang, r-devel-linux-x86_64-debian-gcc, r-devel-linux-x86_64-fedora-clang, r-devel-linux-x86_64-fedora-gcc, r-devel-windows-x86_64, r-patched-linux-x86_64
Version: 2.7
Check: Rd files
Result: NOTE
checkRd: (-1) Kendall.Rd:73: Escaped LaTeX specials: \&
checkRd: (-1) countCDFxt.Rd:63: Escaped LaTeX specials: \&
Flavors: r-release-linux-x86_64, r-release-macos-arm64, r-release-macos-x86_64, r-release-windows-x86_64