CRAN Package Check Results for Package poppr

Last updated on 2023-09-20 21:52:58 CEST.

Flavor Version Tinstall Tcheck Ttotal Status Flags
r-devel-linux-x86_64-debian-clang 2.9.4 40.03 270.10 310.13 NOTE
r-devel-linux-x86_64-debian-gcc 2.9.4 24.22 200.32 224.54 NOTE
r-devel-linux-x86_64-fedora-clang 2.9.4 382.69 NOTE
r-devel-linux-x86_64-fedora-gcc 2.9.4 400.26 NOTE
r-devel-windows-x86_64 2.9.4 37.00 254.00 291.00 NOTE
r-patched-linux-x86_64 2.9.4 37.68 258.55 296.23 OK
r-release-linux-x86_64 2.9.4 30.57 258.56 289.13 OK
r-release-macos-arm64 2.9.4 111.00 OK
r-release-macos-x86_64 2.9.4 171.00 OK
r-release-windows-x86_64 2.9.4 47.00 306.00 353.00 OK
r-oldrel-macos-arm64 2.9.4 76.00 OK
r-oldrel-macos-x86_64 2.9.4 136.00 OK
r-oldrel-windows-x86_64 2.9.4 48.00 284.00 332.00 OK

Check Details

Version: 2.9.4
Check: Rd \usage sections
Result: NOTE
    Documented arguments not in \usage in documentation object 'initialize,genclone-method':
     ‘gen’ ‘loc’ ‘treatOther’ ‘quiet’
    
    Functions with \usage entries need to have the appropriate \alias
    entries, and all their arguments documented.
    The \usage entries must correspond to syntactically valid R code.
    See chapter ‘Writing R documentation files’ in the ‘Writing R
    Extensions’ manual.
Flavors: r-devel-linux-x86_64-debian-clang, r-devel-linux-x86_64-debian-gcc, r-devel-linux-x86_64-fedora-clang, r-devel-linux-x86_64-fedora-gcc, r-devel-windows-x86_64