CRAN Package Check Results for Package portalr

Last updated on 2021-04-16 22:51:08 CEST.

Flavor Version Tinstall Tcheck Ttotal Status Flags
r-devel-linux-x86_64-debian-clang 0.3.7 6.99 218.38 225.37 NOTE
r-devel-linux-x86_64-debian-gcc 0.3.7 5.20 158.36 163.56 NOTE
r-devel-linux-x86_64-fedora-clang 0.3.7 269.76 NOTE
r-devel-linux-x86_64-fedora-gcc 0.3.7 258.39 NOTE
r-devel-windows-ix86+x86_64 0.3.7 15.00 241.00 256.00 NOTE
r-devel-windows-x86_64-gcc10-UCRT 0.3.7 NOTE
r-patched-linux-x86_64 0.3.7 5.79 212.47 218.26 OK
r-patched-solaris-x86 0.3.7 374.90 OK
r-release-linux-x86_64 0.3.7 6.78 212.52 219.30 OK
r-release-macos-x86_64 0.3.7 OK
r-release-windows-ix86+x86_64 0.3.7 15.00 296.00 311.00 OK
r-oldrel-macos-x86_64 0.3.7 OK
r-oldrel-windows-ix86+x86_64 0.3.7 7.00 282.00 289.00 OK

Check Details

Version: 0.3.7
Check: LazyData
Result: NOTE
     'LazyData' is specified without a 'data' directory
Flavors: r-devel-linux-x86_64-debian-clang, r-devel-linux-x86_64-debian-gcc, r-devel-linux-x86_64-fedora-clang, r-devel-linux-x86_64-fedora-gcc, r-devel-windows-ix86+x86_64, r-devel-windows-x86_64-gcc10-UCRT