CRAN Package Check Results for Package postDoubleR

Last updated on 2021-04-12 22:51:11 CEST.

Flavor Version Tinstall Tcheck Ttotal Status Flags
r-devel-linux-x86_64-debian-clang 1.4.12 8.59 124.92 133.51 NOTE
r-devel-linux-x86_64-debian-gcc 1.4.12 8.10 90.80 98.90 NOTE
r-devel-linux-x86_64-fedora-clang 1.4.12 166.23 NOTE
r-devel-linux-x86_64-fedora-gcc 1.4.12 153.84 NOTE
r-devel-windows-ix86+x86_64 1.4.12 24.00 133.00 157.00 NOTE
r-devel-windows-x86_64-gcc10-UCRT 1.4.12 NOTE
r-patched-linux-x86_64 1.4.12 10.65 113.70 124.35 OK
r-patched-solaris-x86 1.4.12 223.90 OK
r-release-linux-x86_64 1.4.12 9.19 113.33 122.52 OK
r-release-macos-x86_64 1.4.12 OK
r-release-windows-ix86+x86_64 1.4.12 27.00 149.00 176.00 OK
r-oldrel-macos-x86_64 1.4.12 OK
r-oldrel-windows-ix86+x86_64 1.4.12 17.00 100.00 117.00 OK

Check Details

Version: 1.4.12
Check: LazyData
Result: NOTE
     'LazyData' is specified without a 'data' directory
Flavors: r-devel-linux-x86_64-debian-clang, r-devel-linux-x86_64-debian-gcc, r-devel-linux-x86_64-fedora-clang, r-devel-linux-x86_64-fedora-gcc, r-devel-windows-ix86+x86_64, r-devel-windows-x86_64-gcc10-UCRT