Last updated on 2024-04-22 23:10:00 CEST.
Flavor | Version | Tinstall | Tcheck | Ttotal | Status | Flags |
---|---|---|---|---|---|---|
r-devel-linux-x86_64-debian-clang | 2.4.0.2 | 30.48 | 206.78 | 237.26 | OK | |
r-devel-linux-x86_64-debian-gcc | 2.4.0.2 | 21.77 | 153.62 | 175.39 | OK | |
r-devel-linux-x86_64-fedora-clang | 2.4.0.2 | 294.06 | NOTE | |||
r-devel-linux-x86_64-fedora-gcc | 2.4.0.2 | 295.12 | NOTE | |||
r-prerel-macos-arm64 | 2.4.0.2 | 75.00 | OK | |||
r-prerel-windows-x86_64 | 2.4.0.2 | 25.00 | 145.00 | 170.00 | OK | |
r-patched-linux-x86_64 | 2.4.0.2 | 27.51 | 200.81 | 228.32 | OK | |
r-release-linux-x86_64 | 2.4.0.2 | 25.55 | 202.75 | 228.30 | OK | |
r-release-macos-arm64 | 2.4.0.2 | 89.00 | OK | |||
r-release-macos-x86_64 | 2.4.0.2 | 136.00 | OK | |||
r-release-windows-x86_64 | 2.4.0.2 | 31.00 | 174.00 | 205.00 | OK | |
r-oldrel-macos-arm64 | 2.4.0.2 | 75.00 | NOTE | |||
r-oldrel-windows-x86_64 | 2.4.0.2 | 31.00 | 174.00 | 205.00 | OK |
Version: 2.4.0.2
Check: dependencies in R code
Result: NOTE
Namespaces in Imports field not imported from:
‘ActCR’ ‘ActFrag’ ‘tidyr’
All declared Imports should be used.
Flavors: r-devel-linux-x86_64-fedora-clang, r-devel-linux-x86_64-fedora-gcc, r-oldrel-macos-arm64