CRAN Package Check Results for Package povcalnetR

Last updated on 2023-01-28 22:55:22 CET.

Flavor Version Tinstall Tcheck Ttotal Status Flags
r-devel-linux-x86_64-debian-clang 0.1.1 3.69 39.53 43.22 OK
r-devel-linux-x86_64-debian-gcc 0.1.1 2.84 30.67 33.51 OK
r-devel-linux-x86_64-fedora-clang 0.1.1 54.55 NOTE
r-devel-linux-x86_64-fedora-gcc 0.1.1 62.20 NOTE
r-patched-linux-x86_64 0.1.1 3.63 39.91 43.54 OK
r-release-linux-x86_64 0.1.1 2.15 37.01 39.16 OK
r-release-macos-arm64 0.1.1 24.00 NOTE
r-release-macos-x86_64 0.1.1 37.00 NOTE
r-release-windows-x86_64 0.1.1 59.00 73.00 132.00 OK
r-oldrel-macos-arm64 0.1.1 25.00 NOTE
r-oldrel-macos-x86_64 0.1.1 35.00 NOTE
r-oldrel-windows-ix86+x86_64 0.1.1 8.00 63.00 71.00 OK

Check Details

Version: 0.1.1
Check: dependencies in R code
Result: NOTE
    Namespace in Imports field not imported from: ‘memoise’
     All declared Imports should be used.
Flavors: r-devel-linux-x86_64-fedora-clang, r-devel-linux-x86_64-fedora-gcc, r-release-macos-arm64, r-release-macos-x86_64, r-oldrel-macos-arm64, r-oldrel-macos-x86_64