Last updated on 2024-04-18 22:52:53 CEST.
Flavor | Version | Tinstall | Tcheck | Ttotal | Status | Flags |
---|---|---|---|---|---|---|
r-devel-linux-x86_64-debian-clang | 1.3.0 | 9.97 | 272.64 | 282.61 | OK | |
r-devel-linux-x86_64-debian-gcc | 1.3.0 | 8.23 | 189.51 | 197.74 | OK | |
r-devel-linux-x86_64-fedora-clang | 1.3.0 | 353.45 | OK | |||
r-devel-linux-x86_64-fedora-gcc | 1.3.0 | 353.59 | OK | |||
r-prerel-macos-arm64 | 1.3.0 | 85.00 | NOTE | |||
r-prerel-windows-x86_64 | 1.3.0 | 10.00 | 195.00 | 205.00 | OK | |
r-patched-linux-x86_64 | 1.3.0 | 11.28 | 250.12 | 261.40 | OK | |
r-release-linux-x86_64 | 1.3.0 | 10.93 | 252.70 | 263.63 | OK | |
r-release-macos-arm64 | 1.3.0 | 97.00 | OK | |||
r-release-macos-x86_64 | 1.3.0 | 155.00 | OK | |||
r-release-windows-x86_64 | 1.3.0 | 14.00 | 230.00 | 244.00 | OK | |
r-oldrel-macos-arm64 | 1.3.0 | 103.00 | OK | |||
r-oldrel-windows-x86_64 | 1.3.0 | 16.00 | 222.00 | 238.00 | OK |
Version: 1.3.0
Check: installed package size
Result: NOTE
installed size is 5.0Mb
sub-directories of 1Mb or more:
data 1.1Mb
doc 3.0Mb
Flavor: r-prerel-macos-arm64