CRAN Package Check Results for Package poweRlaw

Last updated on 2017-11-22 22:57:39 CET.

Flavor Version Tinstall Tcheck Ttotal Status Flags
r-devel-linux-x86_64-debian-clang 0.70.1 6.48 73.61 80.09 OK
r-devel-linux-x86_64-debian-gcc 0.70.1 7.24 162.33 169.57 OK
r-devel-linux-x86_64-fedora-clang 0.70.1 141.21 OK
r-devel-linux-x86_64-fedora-gcc 0.70.1 175.56 OK
r-devel-windows-ix86+x86_64 0.70.1 12.00 158.00 170.00 OK
r-patched-linux-x86_64 0.70.1 6.50 74.52 81.02 OK
r-patched-solaris-x86 0.70.1 182.90 OK
r-release-linux-x86_64 0.70.1 6.91 74.42 81.33 OK
r-release-windows-ix86+x86_64 0.70.1 13.00 134.00 147.00 OK
r-release-osx-x86_64 0.70.1 OK
r-oldrel-windows-ix86+x86_64 0.70.1 13.00 152.00 165.00 OK
r-oldrel-osx-x86_64 0.70.1 WARN

Check Details

Version: 0.70.1
Check: re-building of vignette outputs
Result: WARN
    Error in re-building vignettes:
     ...
    Warning in grepl("(Rerun to get|biblatex.*\\(re\\)run)", readLines(log, :
     input string 356 is invalid in this locale
    Error in texi2dvi(file = file, pdf = TRUE, clean = clean, quiet = quiet, :
     Running 'texi2dvi' on 'd_jss_paper.tex' failed.
    LaTeX errors:
    ! LaTeX Error: Missing \begin{document}.
    
    See the LaTeX manual or LaTeX Companion for explanation.
    Type H <return> for immediate help.
     ...
    ! Extra }, or forgotten \endgroup.
    l.15 ...R,<89><ad>qI^J<a6>^^NT^^B<81>^^U6^^P<ac><f8><a5>^^O<c5>}n!<d4>^^O}
     (<ec>e~h<fb>TJMa/3dx<b0>U^^O<83>b<b5>H^^Q...
    I've deleted a group-closing symbol because it seems to be
    spurious, as in `$x}$'. But perhaps the } is legitimate and
    ! Missing $ inserted.
    <inserted text>
     $
    l.15 ...<ec><e8>ڎ<e4>V<8a>~^^Xsu<ee>9<e7><9e><ef>~<df><f9><fe><9d><ef>v^^Y<86>^^A<ed><0b><cb><f7><bd><80><e6><a2>C^
     +<a3>C^+<a3>C^+<a3><cd>ɳ5d^^VJ)<e7><bc>!S^^...
    ! Extra }, or forgotten $.
    l.15 ...<93>MXp<c3>`B<9e>^^?[<eb>1v<ff><f8><e7><a5>^^?W6^^?q<f9>'<d7>T<d7>i<d8><d4>7<bf>]<88><ad>}
    
    Calls: buildVignettes -> texi2pdf -> texi2dvi
    Execution halted
Flavor: r-oldrel-osx-x86_64