CRAN Package Check Results for Package precisely

Last updated on 2021-04-12 22:51:11 CEST.

Flavor Version Tinstall Tcheck Ttotal Status Flags
r-devel-linux-x86_64-debian-clang 0.1.1 5.19 79.65 84.84 NOTE
r-devel-linux-x86_64-debian-gcc 0.1.1 4.58 58.07 62.65 NOTE
r-devel-linux-x86_64-fedora-clang 0.1.1 107.27 NOTE
r-devel-linux-x86_64-fedora-gcc 0.1.1 96.03 NOTE
r-devel-windows-ix86+x86_64 0.1.1 14.00 98.00 112.00 NOTE
r-devel-windows-x86_64-gcc10-UCRT 0.1.1 NOTE
r-patched-linux-x86_64 0.1.1 5.64 74.22 79.86 OK
r-patched-solaris-x86 0.1.1 139.50 NOTE
r-release-linux-x86_64 0.1.1 5.14 74.02 79.16 OK
r-release-macos-x86_64 0.1.1 NOTE
r-release-windows-ix86+x86_64 0.1.1 18.00 100.00 118.00 OK
r-oldrel-macos-x86_64 0.1.1 NOTE
r-oldrel-windows-ix86+x86_64 0.1.1 9.00 74.00 83.00 OK

Check Details

Version: 0.1.1
Check: LazyData
Result: NOTE
     'LazyData' is specified without a 'data' directory
Flavors: r-devel-linux-x86_64-debian-clang, r-devel-linux-x86_64-debian-gcc, r-devel-linux-x86_64-fedora-clang, r-devel-linux-x86_64-fedora-gcc, r-devel-windows-ix86+x86_64, r-devel-windows-x86_64-gcc10-UCRT

Version: 0.1.1
Check: dependencies in R code
Result: NOTE
    Namespaces in Imports field not imported from:
     ‘shinycssloaders’ ‘shinythemes’
     All declared Imports should be used.
Flavors: r-devel-linux-x86_64-fedora-clang, r-devel-linux-x86_64-fedora-gcc, r-devel-windows-x86_64-gcc10-UCRT, r-patched-solaris-x86, r-release-macos-x86_64, r-oldrel-macos-x86_64