Last updated on 2024-04-18 22:52:53 CEST.
Flavor | Version | Tinstall | Tcheck | Ttotal | Status | Flags |
---|---|---|---|---|---|---|
r-devel-linux-x86_64-debian-clang | 1.0 | 11.59 | 92.28 | 103.87 | OK | |
r-devel-linux-x86_64-debian-gcc | 1.0 | 10.02 | 67.84 | 77.86 | OK | |
r-devel-linux-x86_64-fedora-clang | 1.0 | 131.18 | NOTE | |||
r-devel-linux-x86_64-fedora-gcc | 1.0 | 119.91 | OK | |||
r-prerel-macos-arm64 | 1.0 | 42.00 | NOTE | |||
r-prerel-windows-x86_64 | 1.0 | 23.00 | 77.00 | 100.00 | NOTE | |
r-patched-linux-x86_64 | 1.0 | 12.15 | 84.51 | 96.66 | OK | |
r-release-linux-x86_64 | 1.0 | 15.59 | 88.70 | 104.29 | OK | |
r-release-macos-arm64 | 1.0 | 44.00 | NOTE | |||
r-release-macos-x86_64 | 1.0 | 71.00 | NOTE | |||
r-release-windows-x86_64 | 1.0 | 26.00 | 93.00 | 119.00 | NOTE | |
r-oldrel-macos-arm64 | 1.0 | 39.00 | NOTE | |||
r-oldrel-windows-x86_64 | 1.0 | 26.00 | 101.00 | 127.00 | NOTE |
Version: 1.0
Check: installed package size
Result: NOTE
installed size is 13.4Mb
sub-directories of 1Mb or more:
data 1.1Mb
extdata 11.6Mb
Flavors: r-devel-linux-x86_64-fedora-clang, r-prerel-macos-arm64, r-prerel-windows-x86_64, r-release-macos-arm64, r-release-macos-x86_64, r-release-windows-x86_64, r-oldrel-macos-arm64, r-oldrel-windows-x86_64