Last updated on 2024-03-28 23:01:54 CET.
Flavor | Version | Tinstall | Tcheck | Ttotal | Status | Flags |
---|---|---|---|---|---|---|
r-devel-linux-x86_64-debian-clang | 0.3.14 | 5.27 | 55.74 | 61.01 | NOTE | |
r-devel-linux-x86_64-debian-gcc | 0.3.14 | 4.16 | 42.20 | 46.36 | NOTE | |
r-devel-linux-x86_64-fedora-clang | 0.3.14 | 82.72 | NOTE | |||
r-devel-linux-x86_64-fedora-gcc | 0.3.14 | 108.78 | NOTE | |||
r-devel-windows-x86_64 | 0.3.14 | 6.00 | 66.00 | 72.00 | NOTE | |
r-patched-linux-x86_64 | 0.3.14 | 7.25 | 54.20 | 61.45 | NOTE | |
r-release-linux-x86_64 | 0.3.14 | 4.39 | 54.23 | 58.62 | NOTE | |
r-release-macos-arm64 | 0.3.14 | 37.00 | NOTE | |||
r-release-macos-x86_64 | 0.3.14 | 59.00 | NOTE | |||
r-release-windows-x86_64 | 0.3.14 | 7.00 | 70.00 | 77.00 | NOTE | |
r-oldrel-macos-arm64 | 0.3.14 | 33.00 | OK | |||
r-oldrel-windows-x86_64 | 0.3.14 | 9.00 | 78.00 | 87.00 | NOTE |
Version: 0.3.14
Check: package dependencies
Result: NOTE
Package which this enhances but not available for checking: ‘ffbase’
Flavors: r-devel-linux-x86_64-debian-clang, r-devel-linux-x86_64-debian-gcc, r-devel-linux-x86_64-fedora-clang, r-devel-linux-x86_64-fedora-gcc, r-devel-windows-x86_64, r-patched-linux-x86_64, r-release-linux-x86_64, r-release-macos-arm64, r-release-macos-x86_64, r-release-windows-x86_64, r-oldrel-windows-x86_64
Version: 0.3.14
Check: Rd cross-references
Result: NOTE
Unknown package ‘ffbase’ in Rd xrefs
Flavors: r-devel-linux-x86_64-debian-clang, r-devel-linux-x86_64-debian-gcc, r-devel-linux-x86_64-fedora-clang, r-devel-linux-x86_64-fedora-gcc, r-devel-windows-x86_64, r-patched-linux-x86_64, r-release-linux-x86_64, r-release-macos-arm64, r-release-macos-x86_64, r-release-windows-x86_64, r-oldrel-windows-x86_64