Last updated on 2021-04-13 22:53:52 CEST.
Flavor | Version | Tinstall | Tcheck | Ttotal | Status | Flags |
---|---|---|---|---|---|---|
r-devel-linux-x86_64-debian-clang | 1.2.1 | 12.18 | 37.19 | 49.37 | OK | |
r-devel-linux-x86_64-debian-gcc | 1.2.1 | 10.26 | 29.14 | 39.40 | OK | |
r-devel-linux-x86_64-fedora-clang | 1.2.1 | 69.87 | NOTE | |||
r-devel-linux-x86_64-fedora-gcc | 1.2.1 | 61.26 | NOTE | |||
r-devel-windows-ix86+x86_64 | 1.2.1 | 20.00 | 60.00 | 80.00 | OK | |
r-devel-windows-x86_64-gcc10-UCRT | 1.2.1 | NOTE | ||||
r-patched-linux-x86_64 | 1.2.1 | 10.81 | 34.69 | 45.50 | OK | |
r-patched-solaris-x86 | 1.2.1 | 104.60 | NOTE | |||
r-release-linux-x86_64 | 1.2.1 | 11.14 | 34.89 | 46.03 | OK | |
r-release-macos-x86_64 | 1.2.1 | NOTE | ||||
r-release-windows-ix86+x86_64 | 1.2.1 | 33.00 | 54.00 | 87.00 | OK | |
r-oldrel-macos-x86_64 | 1.2.1 | NOTE | ||||
r-oldrel-windows-ix86+x86_64 | 1.2.1 | 15.00 | 40.00 | 55.00 | OK |
Version: 1.2.1
Check: dependencies in R code
Result: NOTE
Namespaces in Imports field not imported from:
‘here’ ‘tidyr’
All declared Imports should be used.
Flavors: r-devel-linux-x86_64-fedora-clang, r-devel-linux-x86_64-fedora-gcc, r-devel-windows-x86_64-gcc10-UCRT, r-patched-solaris-x86, r-release-macos-x86_64, r-oldrel-macos-x86_64