Last updated on 2023-12-04 22:57:50 CET.
Flavor | Version | Tinstall | Tcheck | Ttotal | Status | Flags |
---|---|---|---|---|---|---|
r-devel-linux-x86_64-debian-clang | 0.0.3 | 23.76 | 79.00 | 102.76 | NOTE | |
r-devel-linux-x86_64-debian-gcc | 0.0.3 | 15.94 | 59.10 | 75.04 | NOTE | |
r-devel-linux-x86_64-fedora-clang | 0.0.3 | 134.68 | OK | |||
r-devel-linux-x86_64-fedora-gcc | 0.0.3 | 137.10 | OK | |||
r-devel-windows-x86_64 | 0.0.3 | 25.00 | 93.00 | 118.00 | OK | |
r-patched-linux-x86_64 | 0.0.3 | 20.71 | 74.12 | 94.83 | OK | |
r-release-linux-x86_64 | 0.0.3 | 20.89 | 74.44 | 95.33 | OK | |
r-release-macos-arm64 | 0.0.3 | 51.00 | OK | |||
r-release-macos-x86_64 | 0.0.3 | 76.00 | OK | |||
r-release-windows-x86_64 | 0.0.3 | 28.00 | 109.00 | 137.00 | OK | |
r-oldrel-macos-arm64 | 0.0.3 | 50.00 | OK | |||
r-oldrel-macos-x86_64 | 0.0.3 | 60.00 | OK | |||
r-oldrel-windows-x86_64 | 0.0.3 | 26.00 | 108.00 | 134.00 | OK |
Version: 0.0.3
Check: Rd files
Result: NOTE
checkRd: (-1) dev_data.Rd:10: Lost braces in \itemize; meant \describe ?
checkRd: (-1) dev_data.Rd:11: Lost braces in \itemize; meant \describe ?
checkRd: (-1) dev_data.Rd:12: Lost braces in \itemize; meant \describe ?
checkRd: (-1) dev_data.Rd:13: Lost braces in \itemize; meant \describe ?
checkRd: (-1) dev_data.Rd:14: Lost braces in \itemize; meant \describe ?
checkRd: (-1) gusto.Rd:10: Lost braces in \itemize; meant \describe ?
checkRd: (-1) gusto.Rd:11: Lost braces in \itemize; meant \describe ?
checkRd: (-1) gusto.Rd:12: Lost braces in \itemize; meant \describe ?
checkRd: (-1) gusto.Rd:13: Lost braces in \itemize; meant \describe ?
checkRd: (-1) gusto.Rd:14: Lost braces in \itemize; meant \describe ?
checkRd: (-1) val_data.Rd:10: Lost braces in \itemize; meant \describe ?
checkRd: (-1) val_data.Rd:11: Lost braces in \itemize; meant \describe ?
checkRd: (-1) val_data.Rd:12: Lost braces in \itemize; meant \describe ?
checkRd: (-1) val_data.Rd:13: Lost braces in \itemize; meant \describe ?
checkRd: (-1) val_data.Rd:14: Lost braces in \itemize; meant \describe ?
Flavors: r-devel-linux-x86_64-debian-clang, r-devel-linux-x86_64-debian-gcc