CRAN Package Check Results for Package prettyunits

Last updated on 2021-04-12 22:51:11 CEST.

Flavor Version Tinstall Tcheck Ttotal Status Flags
r-devel-linux-x86_64-debian-clang 1.1.1 1.80 24.63 26.43 NOTE
r-devel-linux-x86_64-debian-gcc 1.1.1 1.55 19.22 20.77 NOTE
r-devel-linux-x86_64-fedora-clang 1.1.1 42.06 NOTE
r-devel-linux-x86_64-fedora-gcc 1.1.1 31.99 NOTE
r-devel-windows-ix86+x86_64 1.1.1 6.00 39.00 45.00 NOTE
r-devel-windows-x86_64-gcc10-UCRT 1.1.1 NOTE
r-patched-linux-x86_64 1.1.1 2.18 23.76 25.94 OK
r-patched-solaris-x86 1.1.1 49.50 OK
r-release-linux-x86_64 1.1.1 1.73 23.98 25.71 OK
r-release-macos-x86_64 1.1.1 OK
r-release-windows-ix86+x86_64 1.1.1 5.00 39.00 44.00 OK
r-oldrel-macos-x86_64 1.1.1 OK
r-oldrel-windows-ix86+x86_64 1.1.1 4.00 29.00 33.00 OK

Check Details

Version: 1.1.1
Check: LazyData
Result: NOTE
     'LazyData' is specified without a 'data' directory
Flavors: r-devel-linux-x86_64-debian-clang, r-devel-linux-x86_64-debian-gcc, r-devel-linux-x86_64-fedora-clang, r-devel-linux-x86_64-fedora-gcc, r-devel-windows-ix86+x86_64, r-devel-windows-x86_64-gcc10-UCRT