Last updated on 2024-04-23 22:55:32 CEST.
Flavor | Version | Tinstall | Tcheck | Ttotal | Status | Flags |
---|---|---|---|---|---|---|
r-devel-linux-x86_64-debian-clang | 5.0.0 | 19.31 | 268.19 | 287.50 | OK | |
r-devel-linux-x86_64-debian-gcc | 5.0.0 | 13.88 | 192.29 | 206.17 | OK | |
r-devel-linux-x86_64-fedora-clang | 5.0.0 | 346.17 | NOTE | |||
r-devel-linux-x86_64-fedora-gcc | 5.0.0 | 345.06 | OK | |||
r-prerel-macos-arm64 | 5.0.0 | 103.00 | OK | |||
r-prerel-windows-x86_64 | 5.0.0 | 17.00 | 279.00 | 296.00 | OK | |
r-patched-linux-x86_64 | 5.0.0 | 20.23 | 251.44 | 271.67 | OK | |
r-release-linux-x86_64 | 5.0.0 | 15.97 | 249.95 | 265.92 | OK | |
r-release-macos-arm64 | 5.0.0 | 98.00 | OK | |||
r-release-macos-x86_64 | 5.0.0 | 231.00 | OK | |||
r-release-windows-x86_64 | 5.0.0 | 23.00 | 317.00 | 340.00 | OK | |
r-oldrel-macos-arm64 | 5.0.0 | 86.00 | OK | |||
r-oldrel-windows-x86_64 | 5.0.0 | 24.00 | 294.00 | 318.00 | OK |
Version: 5.0.0
Check: Rd cross-references
Result: NOTE
Undeclared package ‘sp’ in Rd xrefs
Flavor: r-devel-linux-x86_64-fedora-clang