CRAN Package Check Results for Package prevtoinc

Last updated on 2023-09-28 23:08:54 CEST.

Flavor Version Tinstall Tcheck Ttotal Status Flags
r-devel-linux-x86_64-debian-clang 0.12.0 5.85 83.67 89.52 NOTE
r-devel-linux-x86_64-debian-gcc 0.12.0 4.23 55.85 60.08 NOTE
r-devel-linux-x86_64-fedora-clang 0.12.0 105.47 NOTE
r-devel-linux-x86_64-fedora-gcc 0.12.0 117.99 NOTE
r-devel-windows-x86_64 0.12.0 6.00 78.00 84.00 NOTE
r-patched-linux-x86_64 0.12.0 6.00 80.37 86.37 NOTE
r-release-linux-x86_64 0.12.0 5.90 81.84 87.74 NOTE
r-release-macos-arm64 0.12.0 44.00 NOTE
r-release-macos-x86_64 0.12.0 70.00 NOTE
r-release-windows-x86_64 0.12.0 8.00 96.00 104.00 NOTE
r-oldrel-macos-arm64 0.12.0 38.00 NOTE
r-oldrel-macos-x86_64 0.12.0 68.00 NOTE
r-oldrel-windows-x86_64 0.12.0 9.00 93.00 102.00 NOTE

Check Details

Version: 0.12.0
Check: LazyData
Result: NOTE
     'LazyData' is specified without a 'data' directory
Flavors: r-devel-linux-x86_64-debian-clang, r-devel-linux-x86_64-debian-gcc, r-devel-linux-x86_64-fedora-clang, r-devel-linux-x86_64-fedora-gcc, r-devel-windows-x86_64, r-patched-linux-x86_64, r-release-linux-x86_64, r-release-macos-arm64, r-release-macos-x86_64, r-release-windows-x86_64, r-oldrel-macos-arm64, r-oldrel-macos-x86_64, r-oldrel-windows-x86_64