CRAN Package Check Results for Package prim

Last updated on 2019-08-21 22:48:47 CEST.

Flavor Version Tinstall Tcheck Ttotal Status Flags
r-devel-linux-x86_64-debian-clang 1.0.16 5.36 60.63 65.99 OK
r-devel-linux-x86_64-debian-gcc 1.0.16 OK
r-devel-linux-x86_64-fedora-clang 1.0.16 81.15 OK
r-devel-linux-x86_64-fedora-gcc 1.0.16 80.51 OK
r-devel-windows-ix86+x86_64 1.0.16 17.00 79.00 96.00 OK
r-patched-linux-x86_64 1.0.16 5.19 60.61 65.80 OK
r-patched-solaris-x86 1.0.16 123.50 OK
r-release-linux-x86_64 1.0.16 4.30 59.54 63.84 OK
r-release-windows-ix86+x86_64 1.0.16 10.00 68.00 78.00 OK
r-release-osx-x86_64 1.0.16 WARN
r-oldrel-windows-ix86+x86_64 1.0.16 12.00 89.00 101.00 OK
r-oldrel-osx-x86_64 1.0.16 OK

Check Details

Version: 1.0.16
Check: whether package can be installed
Result: WARN
    Found the following significant warnings:
     Warning: 'rgl_init' failed, running with rgl.useNULL = TRUE
Flavor: r-release-osx-x86_64