CRAN Package Check Results for Package prim

Last updated on 2019-06-15 22:58:52 CEST.

Flavor Version Tinstall Tcheck Ttotal Status Flags
r-devel-linux-x86_64-debian-clang 1.0.16 4.43 59.23 63.66 OK
r-devel-linux-x86_64-debian-gcc 1.0.16 3.83 47.31 51.14 OK
r-devel-linux-x86_64-fedora-clang 1.0.16 78.86 OK
r-devel-linux-x86_64-fedora-gcc 1.0.16 76.51 OK
r-devel-windows-ix86+x86_64 1.0.16 17.00 75.00 92.00 OK
r-patched-linux-x86_64 1.0.16 4.88 60.16 65.04 OK
r-patched-solaris-x86 1.0.16 130.70 OK
r-release-linux-x86_64 1.0.16 4.54 60.04 64.58 OK
r-release-windows-ix86+x86_64 1.0.16 10.00 119.00 129.00 OK
r-release-osx-x86_64 1.0.16 WARN
r-oldrel-windows-ix86+x86_64 1.0.16 6.00 103.00 109.00 OK
r-oldrel-osx-x86_64 1.0.16 OK

Check Details

Version: 1.0.16
Check: whether package can be installed
Result: WARN
    Found the following significant warnings:
     Warning: 'rgl_init' failed, running with rgl.useNULL = TRUE
Flavor: r-release-osx-x86_64