CRAN Package Check Results for Package prim

Last updated on 2020-07-11 22:50:12 CEST.

Flavor Version Tinstall Tcheck Ttotal Status Flags
r-devel-linux-x86_64-debian-clang 1.0.17 5.96 67.72 73.68 OK
r-devel-linux-x86_64-debian-gcc 1.0.17 5.18 56.30 61.48 OK
r-devel-linux-x86_64-fedora-gcc 1.0.17 96.11 OK
r-devel-windows-ix86+x86_64 1.0.17 14.00 108.00 122.00 OK
r-patched-linux-x86_64 1.0.17 6.33 70.70 77.03 OK
r-patched-solaris-x86 1.0.17 131.00 OK
r-release-linux-x86_64 1.0.17 6.40 70.82 77.22 OK
r-release-macos-x86_64 1.0.17 OK
r-release-windows-ix86+x86_64 1.0.17 24.00 80.00 104.00 OK
r-oldrel-macos-x86_64 1.0.17 WARN
r-oldrel-windows-ix86+x86_64 1.0.17 11.00 87.00 98.00 OK

Check Details

Version: 1.0.17
Check: whether package can be installed
Result: WARN
    Found the following significant warnings:
     Warning: 'rgl.init' failed, running with 'rgl.useNULL = TRUE'.
Flavor: r-oldrel-macos-x86_64

Version: 1.0.17
Check: dependencies in R code
Result: NOTE
    No protocol specified
    No protocol specified
Flavor: r-oldrel-macos-x86_64

Version: 1.0.17
Check: S3 generic/method consistency
Result: WARN
    No protocol specified
    No protocol specified
    See section ‘Generic functions and methods’ in the ‘Writing R
    Extensions’ manual.
Flavor: r-oldrel-macos-x86_64

Version: 1.0.17
Check: replacement functions
Result: WARN
    No protocol specified
    No protocol specified
    The argument of a replacement function which corresponds to the right
    hand side must be named ‘value’.
Flavor: r-oldrel-macos-x86_64

Version: 1.0.17
Check: foreign function calls
Result: NOTE
    No protocol specified
    No protocol specified
    See chapter ‘System and foreign language interfaces’ in the ‘Writing R
    Extensions’ manual.
Flavor: r-oldrel-macos-x86_64

Version: 1.0.17
Check: R code for possible problems
Result: NOTE
    No protocol specified
    No protocol specified
Flavor: r-oldrel-macos-x86_64

Version: 1.0.17
Check: for missing documentation entries
Result: WARN
    No protocol specified
    No protocol specified
    All user-level objects in a package should have documentation entries.
    See chapter ‘Writing R documentation files’ in the ‘Writing R
    Extensions’ manual.
Flavor: r-oldrel-macos-x86_64

Version: 1.0.17
Check: for code/documentation mismatches
Result: WARN
    No protocol specified
    No protocol specified
    No protocol specified
    No protocol specified
    No protocol specified
    No protocol specified
Flavor: r-oldrel-macos-x86_64

Version: 1.0.17
Check: Rd \usage sections
Result: NOTE
    No protocol specified
    No protocol specified
    The \usage entries for S3 methods should use the \method markup and not
    their full name.
    See chapter ‘Writing R documentation files’ in the ‘Writing R
    Extensions’ manual.
Flavor: r-oldrel-macos-x86_64