Last updated on 2023-09-21 23:03:28 CEST.
Flavor | Version | Tinstall | Tcheck | Ttotal | Status | Flags |
---|---|---|---|---|---|---|
r-devel-linux-x86_64-debian-clang | 0.3.1 | 10.96 | 178.25 | 189.21 | OK | |
r-devel-linux-x86_64-debian-gcc | 0.3.1 | 9.10 | 133.14 | 142.24 | OK | |
r-devel-linux-x86_64-fedora-clang | 0.3.1 | 227.61 | NOTE | |||
r-devel-linux-x86_64-fedora-gcc | 0.3.1 | 240.43 | OK | |||
r-devel-windows-x86_64 | 0.3.1 | 11.00 | 140.00 | 151.00 | OK | |
r-patched-linux-x86_64 | 0.3.1 | 10.17 | 170.91 | 181.08 | OK | |
r-release-linux-x86_64 | 0.3.1 | 8.93 | 173.56 | 182.49 | OK | |
r-release-macos-arm64 | 0.3.1 | 72.00 | OK | |||
r-release-macos-x86_64 | 0.3.1 | 205.00 | OK | |||
r-release-windows-x86_64 | 0.3.1 | 12.00 | 178.00 | 190.00 | OK | |
r-oldrel-macos-arm64 | 0.3.1 | 63.00 | OK | |||
r-oldrel-macos-x86_64 | 0.3.1 | 86.00 | OK | |||
r-oldrel-windows-x86_64 | 0.3.1 | 14.00 | 183.00 | 197.00 | OK |
Version: 0.3.1
Check: Rd cross-references
Result: NOTE
Undeclared package ‘mvtnorm’ in Rd xrefs
Flavor: r-devel-linux-x86_64-fedora-clang