Last updated on 2024-04-19 22:55:58 CEST.
Flavor | Version | Tinstall | Tcheck | Ttotal | Status | Flags |
---|---|---|---|---|---|---|
r-devel-linux-x86_64-debian-clang | 1.0.3 | 13.30 | 395.11 | 408.41 | OK | |
r-devel-linux-x86_64-debian-gcc | 1.0.3 | OK | ||||
r-devel-linux-x86_64-fedora-clang | 1.0.3 | 510.23 | NOTE | |||
r-devel-linux-x86_64-fedora-gcc | 1.0.3 | 514.37 | OK | |||
r-prerel-macos-arm64 | 1.0.3 | 149.00 | OK | |||
r-prerel-macos-x86_64 | 1.0.3 | 372.00 | OK | |||
r-prerel-windows-x86_64 | 1.0.3 | 18.00 | 286.00 | 304.00 | OK | |
r-patched-linux-x86_64 | 1.0.3 | 13.56 | 378.63 | 392.19 | OK | |
r-release-linux-x86_64 | 1.0.3 | 13.04 | 366.19 | 379.23 | OK | |
r-release-macos-arm64 | 1.0.3 | 151.00 | OK | |||
r-release-macos-x86_64 | 1.0.3 | 374.00 | OK | |||
r-release-windows-x86_64 | 1.0.3 | 23.00 | 359.00 | 382.00 | OK | |
r-oldrel-macos-arm64 | 1.0.3 | 139.00 | OK | |||
r-oldrel-windows-x86_64 | 1.0.3 | 23.00 | 366.00 | 389.00 | OK |
Version: 1.0.3
Check: Rd cross-references
Result: NOTE
Undeclared package ‘future’ in Rd xrefs
Flavor: r-devel-linux-x86_64-fedora-clang