Last updated on 2023-03-29 23:09:12 CEST.
Flavor | Version | Tinstall | Tcheck | Ttotal | Status | Flags |
---|---|---|---|---|---|---|
r-devel-linux-x86_64-debian-clang | 2019.11.13 | 19.98 | 112.22 | 132.20 | NOTE | |
r-devel-linux-x86_64-debian-gcc | 2019.11.13 | 16.28 | 86.49 | 102.77 | NOTE | |
r-devel-linux-x86_64-fedora-clang | 2019.11.13 | 167.30 | NOTE | |||
r-devel-linux-x86_64-fedora-gcc | 2019.11.13 | 159.07 | NOTE | |||
r-devel-windows-x86_64 | 2019.11.13 | 62.00 | 0.00 | 62.00 | NOTE | |
r-patched-linux-x86_64 | 2019.11.13 | 17.95 | 108.85 | 126.80 | NOTE | |
r-release-linux-x86_64 | 2019.11.13 | 18.65 | 108.75 | 127.40 | OK | |
r-release-macos-arm64 | 2019.11.13 | 44.00 | OK | |||
r-release-macos-x86_64 | 2019.11.13 | 62.00 | OK | |||
r-release-windows-x86_64 | 2019.11.13 | 61.00 | 138.00 | 199.00 | OK | |
r-oldrel-macos-arm64 | 2019.11.13 | 51.00 | OK | |||
r-oldrel-macos-x86_64 | 2019.11.13 | 76.00 | OK | |||
r-oldrel-windows-ix86+x86_64 | 2019.11.13 | 47.00 | 169.00 | 216.00 | OK |
Version: 2019.11.13
Check: Rd files
Result: NOTE
checkRd: (-1) prodlim.Rd:119: Escaped LaTeX specials: \&
Flavors: r-devel-linux-x86_64-debian-clang, r-devel-linux-x86_64-debian-gcc, r-devel-linux-x86_64-fedora-clang, r-devel-linux-x86_64-fedora-gcc, r-devel-windows-x86_64, r-patched-linux-x86_64