Last updated on 2024-04-17 23:00:03 CEST.
Flavor | Version | Tinstall | Tcheck | Ttotal | Status | Flags |
---|---|---|---|---|---|---|
r-devel-linux-x86_64-debian-clang | 1.1.0 | 13.85 | 68.08 | 81.93 | NOTE | |
r-devel-linux-x86_64-debian-gcc | 1.1.0 | 8.07 | 48.20 | 56.27 | NOTE | |
r-devel-linux-x86_64-fedora-clang | 1.1.0 | 96.98 | NOTE | |||
r-devel-linux-x86_64-fedora-gcc | 1.1.0 | 91.28 | NOTE | |||
r-prerel-macos-arm64 | 1.1.0 | 26.00 | NOTE | |||
r-prerel-windows-x86_64 | 1.1.0 | 10.00 | 63.00 | 73.00 | NOTE | |
r-patched-linux-x86_64 | 1.1.0 | 14.26 | 62.68 | 76.94 | NOTE | |
r-release-linux-x86_64 | 1.1.0 | 9.44 | 65.47 | 74.91 | OK | |
r-release-macos-arm64 | 1.1.0 | 27.00 | OK | |||
r-release-macos-x86_64 | 1.1.0 | 44.00 | OK | |||
r-release-windows-x86_64 | 1.1.0 | 13.00 | 68.00 | 81.00 | OK | |
r-oldrel-macos-arm64 | 1.1.0 | 26.00 | OK | |||
r-oldrel-windows-x86_64 | 1.1.0 | 15.00 | 74.00 | 89.00 | OK |
Version: 1.1.0
Check: Rd files
Result: NOTE
checkRd: (-1) paasche.Rd:91: Lost braces
91 | \code{OSME} \tab Output-oriented scale-mix efficiency score \emph{(code{orientation = "out"})}\cr
| ^
Flavors: r-devel-linux-x86_64-debian-clang, r-devel-linux-x86_64-debian-gcc, r-devel-linux-x86_64-fedora-clang, r-devel-linux-x86_64-fedora-gcc, r-prerel-macos-arm64, r-prerel-windows-x86_64, r-patched-linux-x86_64