Last updated on 2024-04-17 23:00:03 CEST.
Flavor | Version | Tinstall | Tcheck | Ttotal | Status | Flags |
---|---|---|---|---|---|---|
r-devel-linux-x86_64-debian-clang | 0.3-5 | 7.28 | 62.13 | 69.41 | NOTE | |
r-devel-linux-x86_64-debian-gcc | 0.3-5 | 5.95 | 46.32 | 52.27 | NOTE | |
r-devel-linux-x86_64-fedora-clang | 0.3-5 | 86.42 | NOTE | |||
r-devel-linux-x86_64-fedora-gcc | 0.3-5 | 82.04 | NOTE | |||
r-prerel-macos-arm64 | 0.3-5 | 27.00 | NOTE | |||
r-prerel-windows-x86_64 | 0.3-5 | 8.00 | 67.00 | 75.00 | NOTE | |
r-patched-linux-x86_64 | 0.3-5 | 7.04 | 58.61 | 65.65 | NOTE | |
r-release-linux-x86_64 | 0.3-5 | 7.09 | 60.50 | 67.59 | OK | |
r-release-macos-arm64 | 0.3-5 | 29.00 | OK | |||
r-release-macos-x86_64 | 0.3-5 | 42.00 | OK | |||
r-release-windows-x86_64 | 0.3-5 | 10.00 | 75.00 | 85.00 | OK | |
r-oldrel-macos-arm64 | 0.3-5 | 30.00 | OK | |||
r-oldrel-windows-x86_64 | 0.3-5 | 11.00 | 79.00 | 90.00 | OK |
Version: 0.3-5
Check: Rd files
Result: NOTE
checkRd: (-1) PS.Rd:9: Lost braces
9 | \item{CD}{}{Character disorder scale score}
| ^
Flavors: r-devel-linux-x86_64-debian-clang, r-devel-linux-x86_64-debian-gcc, r-devel-linux-x86_64-fedora-clang, r-devel-linux-x86_64-fedora-gcc, r-prerel-macos-arm64, r-prerel-windows-x86_64, r-patched-linux-x86_64