CRAN Package Check Results for Package progress

Last updated on 2019-12-11 22:51:19 CET.

Flavor Version Tinstall Tcheck Ttotal Status Flags
r-devel-linux-x86_64-debian-clang 1.2.2 3.52 28.53 32.05 OK
r-devel-linux-x86_64-debian-gcc 1.2.2 2.95 22.49 25.44 OK
r-devel-linux-x86_64-fedora-clang 1.2.2 39.48 OK
r-devel-linux-x86_64-fedora-gcc 1.2.2 37.97 OK
r-devel-windows-ix86+x86_64 1.2.2 8.00 57.00 65.00 OK
r-devel-windows-ix86+x86_64-gcc8 1.2.2 9.00 59.00 68.00 OK
r-patched-linux-x86_64 1.2.2 2.85 25.94 28.79 OK
r-patched-solaris-x86 1.2.2 54.10 OK
r-release-linux-x86_64 1.2.2 2.44 26.06 28.50 OK
r-release-windows-ix86+x86_64 1.2.2 6.00 38.00 44.00 OK
r-release-osx-x86_64 1.2.2 OK
r-oldrel-windows-ix86+x86_64 1.2.2 4.00 38.00 42.00 WARN
r-oldrel-osx-x86_64 1.2.2 OK

Check Details

Version: 1.2.2
Check: whether package can be installed
Result: WARN
    Found the following significant warnings:
     Warning: S3 methods '$.tbl_df', '[.tbl_df', '[[.tbl_df', 'names<-.tbl_df', 'row.names<-.tbl_df', 'as.data.frame.tbl_df', 'as_tibble.NULL', 'as_tibble.data.frame', 'as_tibble.default', 'as_tibble.list', 'as_tibble.matrix', 'as_tibble.poly', 'as_tibble.table', 'as_tibble.ts', 'format.tbl', 'format.trunc_mat', 'format_v.character', 'format_v.default', 'format_v.factor', 'format_v.list', 'glimpse.data.frame', 'glimpse.default', 'glimpse.tbl', 'print.tbl', 'print.trunc_mat', 'quote_n.character', 'quote_n.default', 'tbl_sum.default', 'tbl_sum.tbl', 'type_sum.tbl_df' were declared in NAMESPACE but not found
Flavor: r-oldrel-windows-ix86+x86_64